{"id":160,"date":"2023-12-03T16:46:09","date_gmt":"2023-12-03T16:46:09","guid":{"rendered":"https:\/\/www.sociallycorrect.it\/website\/?page_id=160"},"modified":"2024-12-01T11:37:07","modified_gmt":"2024-12-01T11:37:07","slug":"concorso-2022","status":"publish","type":"page","link":"https:\/\/www.sociallycorrect.it\/website\/concorso-socially-correct\/concorso-2022\/","title":{"rendered":"Concorso Socially Correct 2022"},"content":{"rendered":"\n<div class=\"wp-block-group alignfull has-global-padding is-layout-constrained wp-container-core-group-is-layout-d89aad35 wp-block-group-is-layout-constrained\" style=\"margin-top:0;margin-bottom:0;padding-top:var(--wp--preset--spacing--50);padding-right:var(--wp--preset--spacing--50);padding-bottom:var(--wp--preset--spacing--50);padding-left:var(--wp--preset--spacing--50)\">\n<h5 class=\"wp-block-heading has-text-align-center has-contrast-color has-text-color has-link-color wp-elements-d0e488b4e5352cc644b24268f3e5ccd0\">CONCORSO SOCIALLY CORRECT 2022<\/h5>\n\n\n\n<h2 class=\"wp-block-heading alignwide has-text-align-center\"><strong>INCLUSIONE DELLE PERSONE CON DISABILITA\u2019 NEL MONDO DEL LAVORO: UNA SCELTA, NON UN OBBLIGO<\/strong><\/h2>\n\n\n\n<div class=\"wp-block-columns alignwide are-vertically-aligned-center is-layout-flex wp-container-core-columns-is-layout-47c06fe3 wp-block-columns-is-layout-flex\">\n<div class=\"wp-block-column is-vertically-aligned-center is-layout-flow wp-block-column-is-layout-flow\" style=\"flex-basis:50%\">\n<p>L\u2019Associazione ha collaborato con il Ministro per le Disabilit\u00e0 per la 14<sup><sup>a<\/sup><\/sup> edizione del concorso, per realizzare campagna per incentivare l\u2019inserimento delle persone con disabilit\u00e0 nel mondo del lavoro. Oggi, nonostante gli obblighi imposti dalla legge, le persone con disabilit\u00e0 hanno molta difficolt\u00e0 a trovare una collocazione adeguata nel mondo del lavoro, in grado di restituire loro dignit\u00e0, auto-considerazione e la costruzione di relazioni sociali.<\/p>\n\n\n\n<p>L\u2019obiettivo della campagna \u00e8 di abbattere gli atteggiamenti discriminatori e culturali che generano pregiudizi e scetticismo, sensibilizzando i titolari delle piccole e medie imprese Italiane, i giovani, nonch\u00e9 l\u2019opinione pubblica in generale, sul valore delle persone con disabilit\u00e0 e stimolare la loro assunzione. Inoltre, deve convincere i datori di lavoro che assumere una persona con disabilit\u00e0 pu\u00f2 conferire un valore aggiunto al business, all\u2019immagine aziendale e soprattutto all\u2019atmosfera lavorativa e non solo. Se il reclutamento della persona con disabilit\u00e0 viene percepita come un\u2019opportunit\u00e0 anzich\u00e9 un obbligo, allora anche la sua presenza sar\u00e0 valutata positivamente, come un arricchimento per l\u2019organizzazione e rendere il Mondo un posto migliore.<\/p>\n\n\n\n<p>La campagna vincitrice intitolata\u00a0<strong>\u201cScopri quanto vale\u201d<\/strong>\u00a0\u00e8 stata realizzata da\u00a0<strong>Martina Cavinato\u00a0<\/strong>\u2013 Art Director e\u00a0<strong>Claudia Chiapparino\u00a0<\/strong>\u2013 Copywriter, studenti del Master in ideazione e produzione audiovisiva cinematografica e per i media digital coordinato dalla\u00a0<strong>Prof.ssa Linda Ovena<\/strong>\u00a0dell\u2019ALMED \u2013 Universit\u00e0\u00a0Cattolica del\u00a0Sacro Cuore, Milano.<\/p>\n\n\n\n<p>La loro campagna, basata sull\u2019idea creativa: \u201cDai spazio alle sue abilit\u00e0\u201d, \u201cScopri quanto vale\u201d, \u00e8 stata sviluppata sotto la guida del loro tutor<strong>&nbsp;Prof.ssa Silvia Trovato.<\/strong><\/p>\n\n\n\n<div class=\"wp-block-buttons is-layout-flex wp-block-buttons-is-layout-flex\">\n<div class=\"wp-block-button is-style-outline is-style-outline--1\"><a class=\"wp-block-button__link has-base-2-color has-custom-colore-1-background-color has-text-color has-background has-link-color wp-element-button\" href=\"https:\/\/www.sociallycorrect.it\/website\/eventi-socially-correct\/premiazione-xiv-concorso\/\">PREMIAZIONE XIV CONCORSO<\/a><\/div>\n<\/div>\n<\/div>\n\n\n\n<div class=\"wp-block-column is-vertically-aligned-center is-layout-flow wp-block-column-is-layout-flow\" style=\"flex-basis:50%\">\n<figure data-wp-context=\"{&quot;imageId&quot;:&quot;69f480c27ed94&quot;}\" data-wp-interactive=\"core\/image\" data-wp-key=\"69f480c27ed94\" class=\"wp-block-image size-full is-style-rounded is-style-rounded--2 wp-lightbox-container\"><img loading=\"lazy\" decoding=\"async\" width=\"1113\" height=\"1341\" data-wp-class--hide=\"state.isContentHidden\" data-wp-class--show=\"state.isContentVisible\" data-wp-init=\"callbacks.setButtonStyles\" data-wp-on--click=\"actions.showLightbox\" data-wp-on--load=\"callbacks.setButtonStyles\" data-wp-on-window--resize=\"callbacks.setButtonStyles\" src=\"https:\/\/www.sociallycorrect.it\/website\/wp-content\/uploads\/2023\/12\/SociallyCorrect2022-3.jpg\" alt=\"\" class=\"wp-image-182\" srcset=\"https:\/\/www.sociallycorrect.it\/website\/wp-content\/uploads\/2023\/12\/SociallyCorrect2022-3.jpg 1113w, https:\/\/www.sociallycorrect.it\/website\/wp-content\/uploads\/2023\/12\/SociallyCorrect2022-3-249x300.jpg 249w, https:\/\/www.sociallycorrect.it\/website\/wp-content\/uploads\/2023\/12\/SociallyCorrect2022-3-850x1024.jpg 850w, https:\/\/www.sociallycorrect.it\/website\/wp-content\/uploads\/2023\/12\/SociallyCorrect2022-3-768x925.jpg 768w\" sizes=\"auto, (max-width: 1113px) 100vw, 1113px\" \/><button\n\t\t\tclass=\"lightbox-trigger\"\n\t\t\ttype=\"button\"\n\t\t\taria-haspopup=\"dialog\"\n\t\t\taria-label=\"Ingrandisci\"\n\t\t\tdata-wp-init=\"callbacks.initTriggerButton\"\n\t\t\tdata-wp-on--click=\"actions.showLightbox\"\n\t\t\tdata-wp-style--right=\"state.imageButtonRight\"\n\t\t\tdata-wp-style--top=\"state.imageButtonTop\"\n\t\t>\n\t\t\t<svg xmlns=\"http:\/\/www.w3.org\/2000\/svg\" width=\"12\" height=\"12\" fill=\"none\" viewBox=\"0 0 12 12\">\n\t\t\t\t<path fill=\"#fff\" d=\"M2 0a2 2 0 0 0-2 2v2h1.5V2a.5.5 0 0 1 .5-.5h2V0H2Zm2 10.5H2a.5.5 0 0 1-.5-.5V8H0v2a2 2 0 0 0 2 2h2v-1.5ZM8 12v-1.5h2a.5.5 0 0 0 .5-.5V8H12v2a2 2 0 0 1-2 2H8Zm2-12a2 2 0 0 1 2 2v2h-1.5V2a.5.5 0 0 0-.5-.5H8V0h2Z\" \/>\n\t\t\t<\/svg>\n\t\t<\/button><\/figure>\n<\/div>\n<\/div>\n<\/div>\n","protected":false},"excerpt":{"rendered":"<p>CONCORSO SOCIALLY CORRECT 2022 INCLUSIONE DELLE PERSONE CON DISABILITA\u2019 NEL MONDO DEL LAVORO: UNA SCELTA, NON UN OBBLIGO L\u2019Associazione ha collaborato con il Ministro per le Disabilit\u00e0 per la 14a edizione del concorso, per realizzare campagna per incentivare l\u2019inserimento delle persone con disabilit\u00e0 nel mondo del lavoro. Oggi, nonostante gli obblighi imposti dalla legge, le [&hellip;]<\/p>\n","protected":false},"author":1,"featured_media":0,"parent":143,"menu_order":0,"comment_status":"closed","ping_status":"closed","template":"","meta":{"footnotes":""},"class_list":["post-160","page","type-page","status-publish","hentry"],"_links":{"self":[{"href":"https:\/\/www.sociallycorrect.it\/website\/wp-json\/wp\/v2\/pages\/160","targetHints":{"allow":["GET"]}}],"collection":[{"href":"https:\/\/www.sociallycorrect.it\/website\/wp-json\/wp\/v2\/pages"}],"about":[{"href":"https:\/\/www.sociallycorrect.it\/website\/wp-json\/wp\/v2\/types\/page"}],"author":[{"embeddable":true,"href":"https:\/\/www.sociallycorrect.it\/website\/wp-json\/wp\/v2\/users\/1"}],"replies":[{"embeddable":true,"href":"https:\/\/www.sociallycorrect.it\/website\/wp-json\/wp\/v2\/comments?post=160"}],"version-history":[{"count":10,"href":"https:\/\/www.sociallycorrect.it\/website\/wp-json\/wp\/v2\/pages\/160\/revisions"}],"predecessor-version":[{"id":1945,"href":"https:\/\/www.sociallycorrect.it\/website\/wp-json\/wp\/v2\/pages\/160\/revisions\/1945"}],"up":[{"embeddable":true,"href":"https:\/\/www.sociallycorrect.it\/website\/wp-json\/wp\/v2\/pages\/143"}],"wp:attachment":[{"href":"https:\/\/www.sociallycorrect.it\/website\/wp-json\/wp\/v2\/media?parent=160"}],"curies":[{"name":"wp","href":"https:\/\/api.w.org\/{rel}","templated":true}]}}

<div class="wp-block-group alignfull has-global-padding is-layout-constrained wp-container-core-group-is-layout-d89aad35 wp-block-group-is-layout-constrained" style="margin-top:0;margin-bottom:0;padding-top:var(--wp--preset--spacing--50);padding-right:var(--wp--preset--spacing--50);padding-bottom:var(--wp--preset--spacing--50);padding-left:var(--wp--preset--spacing--50)">
<h5 class="wp-block-heading has-text-align-center has-contrast-color has-text-color has-link-color wp-elements-d0e488b4e5352cc644b24268f3e5ccd0">CONCORSO SOCIALLY CORRECT 2022</h5>



<h2 class="wp-block-heading alignwide has-text-align-center"><strong>INCLUSIONE DELLE PERSONE CON DISABILITA’ NEL MONDO DEL LAVORO: UNA SCELTA, NON UN OBBLIGO</strong></h2>



<div class="wp-block-columns alignwide are-vertically-aligned-center is-layout-flex wp-container-core-columns-is-layout-47c06fe3 wp-block-columns-is-layout-flex">
<div class="wp-block-column is-vertically-aligned-center is-layout-flow wp-block-column-is-layout-flow" style="flex-basis:50%">
<p>L’Associazione ha collaborato con il Ministro per le Disabilità per la 14<sup><sup>a</sup></sup> edizione del concorso, per realizzare campagna per incentivare l’inserimento delle persone con disabilità nel mondo del lavoro. Oggi, nonostante gli obblighi imposti dalla legge, le persone con disabilità hanno molta difficoltà a trovare una collocazione adeguata nel mondo del lavoro, in grado di restituire loro dignità, auto-considerazione e la costruzione di relazioni sociali.</p>



<p>L’obiettivo della campagna è di abbattere gli atteggiamenti discriminatori e culturali che generano pregiudizi e scetticismo, sensibilizzando i titolari delle piccole e medie imprese Italiane, i giovani, nonché l’opinione pubblica in generale, sul valore delle persone con disabilità e stimolare la loro assunzione. Inoltre, deve convincere i datori di lavoro che assumere una persona con disabilità può conferire un valore aggiunto al business, all’immagine aziendale e soprattutto all’atmosfera lavorativa e non solo. Se il reclutamento della persona con disabilità viene percepita come un’opportunità anziché un obbligo, allora anche la sua presenza sarà valutata positivamente, come un arricchimento per l’organizzazione e rendere il Mondo un posto migliore.</p>



<p>La campagna vincitrice intitolata <strong>“Scopri quanto vale”</strong> è stata realizzata da <strong>Martina Cavinato </strong>– Art Director e <strong>Claudia Chiapparino </strong>– Copywriter, studenti del Master in ideazione e produzione audiovisiva cinematografica e per i media digital coordinato dalla <strong>Prof.ssa Linda Ovena</strong> dell’ALMED – Università Cattolica del Sacro Cuore, Milano.</p>



<p>La loro campagna, basata sull’idea creativa: “Dai spazio alle sue abilità”, “Scopri quanto vale”, è stata sviluppata sotto la guida del loro tutor<strong>&nbsp;Prof.ssa Silvia Trovato.</strong></p>



<div class="wp-block-buttons is-layout-flex wp-block-buttons-is-layout-flex">
<div class="wp-block-button is-style-outline is-style-outline--1"><a class="wp-block-button__link has-base-2-color has-custom-colore-1-background-color has-text-color has-background has-link-color wp-element-button" href="https://www.sociallycorrect.it/website/eventi-socially-correct/premiazione-xiv-concorso/">PREMIAZIONE XIV CONCORSO</a></div>
</div>
</div>



<div class="wp-block-column is-vertically-aligned-center is-layout-flow wp-block-column-is-layout-flow" style="flex-basis:50%">
<figure data-wp-context="{&quot;imageId&quot;:&quot;69f480c27ed94&quot;}" data-wp-interactive="core/image" data-wp-key="69f480c27ed94" class="wp-block-image size-full is-style-rounded is-style-rounded--2 wp-lightbox-container"><img loading="lazy" decoding="async" width="1113" height="1341" data-wp-class--hide="state.isContentHidden" data-wp-class--show="state.isContentVisible" data-wp-init="callbacks.setButtonStyles" data-wp-on--click="actions.showLightbox" data-wp-on--load="callbacks.setButtonStyles" data-wp-on-window--resize="callbacks.setButtonStyles" src="https://www.sociallycorrect.it/website/wp-content/uploads/2023/12/SociallyCorrect2022-3.jpg" alt="" class="wp-image-182" srcset="https://www.sociallycorrect.it/website/wp-content/uploads/2023/12/SociallyCorrect2022-3.jpg 1113w, https://www.sociallycorrect.it/website/wp-content/uploads/2023/12/SociallyCorrect2022-3-249x300.jpg 249w, https://www.sociallycorrect.it/website/wp-content/uploads/2023/12/SociallyCorrect2022-3-850x1024.jpg 850w, https://www.sociallycorrect.it/website/wp-content/uploads/2023/12/SociallyCorrect2022-3-768x925.jpg 768w" sizes="auto, (max-width: 1113px) 100vw, 1113px" /><button
			class="lightbox-trigger"
			type="button"
			aria-haspopup="dialog"
			aria-label="Ingrandisci"
			data-wp-init="callbacks.initTriggerButton"
			data-wp-on--click="actions.showLightbox"
			data-wp-style--right="state.imageButtonRight"
			data-wp-style--top="state.imageButtonTop"
		>
			<svg xmlns="http://www.w3.org/2000/svg" width="12" height="12" fill="none" viewBox="0 0 12 12">
				<path fill="#fff" d="M2 0a2 2 0 0 0-2 2v2h1.5V2a.5.5 0 0 1 .5-.5h2V0H2Zm2 10.5H2a.5.5 0 0 1-.5-.5V8H0v2a2 2 0 0 0 2 2h2v-1.5ZM8 12v-1.5h2a.5.5 0 0 0 .5-.5V8H12v2a2 2 0 0 1-2 2H8Zm2-12a2 2 0 0 1 2 2v2h-1.5V2a.5.5 0 0 0-.5-.5H8V0h2Z" />
			</svg>
		</button></figure>
</div>
</div>
</div>

<p>CONCORSO SOCIALLY CORRECT 2022 INCLUSIONE DELLE PERSONE CON DISABILITA’ NEL MONDO DEL LAVORO: UNA SCELTA, NON UN OBBLIGO L’Associazione ha collaborato con il Ministro per le Disabilità per la 14a edizione del concorso, per realizzare campagna per incentivare l’inserimento delle persone con disabilità nel mondo del lavoro. Oggi, nonostante gli obblighi imposti dalla legge, le [&hellip;]</p>
