{"id":173,"date":"2023-12-03T16:57:26","date_gmt":"2023-12-03T16:57:26","guid":{"rendered":"https:\/\/www.sociallycorrect.it\/website\/?page_id=173"},"modified":"2024-12-02T12:18:34","modified_gmt":"2024-12-02T12:18:34","slug":"concorso-2021","status":"publish","type":"page","link":"https:\/\/www.sociallycorrect.it\/website\/concorso-socially-correct\/concorso-2021\/","title":{"rendered":"Concorso Socially Correct 2021"},"content":{"rendered":"\n<div class=\"wp-block-group alignfull has-global-padding is-layout-constrained wp-container-core-group-is-layout-d89aad35 wp-block-group-is-layout-constrained\" style=\"margin-top:0;margin-bottom:0;padding-top:var(--wp--preset--spacing--50);padding-right:var(--wp--preset--spacing--50);padding-bottom:var(--wp--preset--spacing--50);padding-left:var(--wp--preset--spacing--50)\">\n<h5 class=\"wp-block-heading has-text-align-center has-contrast-color has-text-color has-link-color wp-elements-45e24610c1c50adce5ee3936689b2efd\">CONCORSO SOCIALLY CORRECT 202<strong>1<\/strong><\/h5>\n\n\n\n<h2 class=\"wp-block-heading alignwide has-text-align-center\"><strong><strong>MAI PI\u00d9 SOLI \u2013 CURE PALLIATIVE PEDIATRICHE: UN DIRITTO E UN DOVERE<\/strong><\/strong><\/h2>\n\n\n\n<div class=\"wp-block-columns alignwide are-vertically-aligned-center is-layout-flex wp-container-core-columns-is-layout-47c06fe3 wp-block-columns-is-layout-flex\">\n<div class=\"wp-block-column is-vertically-aligned-center is-layout-flow wp-block-column-is-layout-flow\" style=\"flex-basis:50%\">\n<p>Per la realizzazione della 13<sup>a<\/sup>&nbsp;edizione del concorso, l\u2019associazione ha collaborato con la&nbsp;<strong>Fondazione Maruzza Onlus&nbsp;<\/strong>su un tema di grande importanza:&nbsp;<strong>le cure palliative pediatriche<\/strong>. L\u2019obiettivo del concorso era la realizzazione di una campagna per rendere consapevole l\u2019opinione pubblica del valore delle&nbsp;<strong>Cure Palliative Pediatriche<\/strong>&nbsp;(CPP) al fine di sostenere le famiglie con bambini affetti da malattie inguaribili, rivendicando il diritto all\u2019accesso alle CPP e allo sviluppo delle reti territoriali di assistenza in tutte le regioni italiane. La campagna vincitrice intitolata \u201cQuesto non \u00e8 una favola\u201d,&nbsp;\u00e8 stata ideata dalla coppia creativa&nbsp;<strong>Itziar Soto<\/strong>, Art Director e&nbsp;<strong>Valeria Polanco Torres<\/strong>, Copywriter, studenti di NABA, Nuova Accademia di Belle Arti, sotto la guida del Professor Filippo Maria Rieder, docente di Art Direction.<br>L\u2019idea creativa della loro campagna basato sul concetto che la vita vera non \u00e8 una favola, utilizza come scenario una fiaba inaspettata per rappresentare la realt\u00e0 cos\u00ec com\u2019\u00e8, e per enfatizzare l\u2019importanza delle CPP.<\/p>\n\n\n\n<p>La campagna \u00e8 al sostegno del progetto promosso dalla<strong>\u00a0Fondazione Maruzza<\/strong>\u00a0per non lasciare soli i circa 30mila bambini nel nostro Paese che soffrono di una malattia inguaribile di cui oggi solo il 5% accede alle cure per alleviare la sofferenza fisica, psicologica, emotiva e spirituale, che sono per loro e le loro famiglie, un diritto previsto dalla legge. La campagna, inoltre, incoraggia il pubblico a firmare la petizione \u201cA casa \u00e8 pi\u00f9 meglio\u201d, lanciata dalla Fondazione Maruzza.<\/p>\n\n\n\n<div class=\"wp-block-buttons is-layout-flex wp-block-buttons-is-layout-flex\">\n<div class=\"wp-block-button is-style-outline is-style-outline--1\"><a class=\"wp-block-button__link has-base-2-color has-custom-colore-1-background-color has-text-color has-background has-link-color wp-element-button\" href=\"https:\/\/www.sociallycorrect.it\/website\/eventi-socially-correct\/premiazione-xiii-concorso\/\">PREMIAZIONE XIII CONCORSO<\/a><\/div>\n<\/div>\n<\/div>\n\n\n\n<div class=\"wp-block-column is-vertically-aligned-center is-layout-flow wp-block-column-is-layout-flow\" style=\"flex-basis:50%\">\n<figure data-wp-context=\"{&quot;imageId&quot;:&quot;69f480fc82bfa&quot;}\" data-wp-interactive=\"core\/image\" data-wp-key=\"69f480fc82bfa\" class=\"wp-block-image size-full is-style-rounded is-style-rounded--2 wp-lightbox-container\"><img loading=\"lazy\" decoding=\"async\" width=\"672\" height=\"448\" data-wp-class--hide=\"state.isContentHidden\" data-wp-class--show=\"state.isContentVisible\" data-wp-init=\"callbacks.setButtonStyles\" data-wp-on--click=\"actions.showLightbox\" data-wp-on--load=\"callbacks.setButtonStyles\" data-wp-on-window--resize=\"callbacks.setButtonStyles\" src=\"https:\/\/www.sociallycorrect.it\/website\/wp-content\/uploads\/2023\/12\/SC2021-2.png\" alt=\"\" class=\"wp-image-175\" srcset=\"https:\/\/www.sociallycorrect.it\/website\/wp-content\/uploads\/2023\/12\/SC2021-2.png 672w, https:\/\/www.sociallycorrect.it\/website\/wp-content\/uploads\/2023\/12\/SC2021-2-300x200.png 300w\" sizes=\"auto, (max-width: 672px) 100vw, 672px\" \/><button\n\t\t\tclass=\"lightbox-trigger\"\n\t\t\ttype=\"button\"\n\t\t\taria-haspopup=\"dialog\"\n\t\t\taria-label=\"Ingrandisci\"\n\t\t\tdata-wp-init=\"callbacks.initTriggerButton\"\n\t\t\tdata-wp-on--click=\"actions.showLightbox\"\n\t\t\tdata-wp-style--right=\"state.imageButtonRight\"\n\t\t\tdata-wp-style--top=\"state.imageButtonTop\"\n\t\t>\n\t\t\t<svg xmlns=\"http:\/\/www.w3.org\/2000\/svg\" width=\"12\" height=\"12\" fill=\"none\" viewBox=\"0 0 12 12\">\n\t\t\t\t<path fill=\"#fff\" d=\"M2 0a2 2 0 0 0-2 2v2h1.5V2a.5.5 0 0 1 .5-.5h2V0H2Zm2 10.5H2a.5.5 0 0 1-.5-.5V8H0v2a2 2 0 0 0 2 2h2v-1.5ZM8 12v-1.5h2a.5.5 0 0 0 .5-.5V8H12v2a2 2 0 0 1-2 2H8Zm2-12a2 2 0 0 1 2 2v2h-1.5V2a.5.5 0 0 0-.5-.5H8V0h2Z\" \/>\n\t\t\t<\/svg>\n\t\t<\/button><\/figure>\n\n\n\n<figure data-wp-context=\"{&quot;imageId&quot;:&quot;69f480fc83762&quot;}\" data-wp-interactive=\"core\/image\" data-wp-key=\"69f480fc83762\" class=\"wp-block-image size-large is-style-rounded is-style-rounded--3 wp-lightbox-container\"><img loading=\"lazy\" decoding=\"async\" width=\"1024\" height=\"682\" data-wp-class--hide=\"state.isContentHidden\" data-wp-class--show=\"state.isContentVisible\" data-wp-init=\"callbacks.setButtonStyles\" data-wp-on--click=\"actions.showLightbox\" data-wp-on--load=\"callbacks.setButtonStyles\" data-wp-on-window--resize=\"callbacks.setButtonStyles\" src=\"https:\/\/www.sociallycorrect.it\/website\/wp-content\/uploads\/2023\/12\/SC2021_e-1024x682.jpg\" alt=\"\" class=\"wp-image-176\" srcset=\"https:\/\/www.sociallycorrect.it\/website\/wp-content\/uploads\/2023\/12\/SC2021_e-1024x682.jpg 1024w, https:\/\/www.sociallycorrect.it\/website\/wp-content\/uploads\/2023\/12\/SC2021_e-300x200.jpg 300w, https:\/\/www.sociallycorrect.it\/website\/wp-content\/uploads\/2023\/12\/SC2021_e-768x512.jpg 768w, https:\/\/www.sociallycorrect.it\/website\/wp-content\/uploads\/2023\/12\/SC2021_e.jpg 1054w\" sizes=\"auto, (max-width: 1024px) 100vw, 1024px\" \/><button\n\t\t\tclass=\"lightbox-trigger\"\n\t\t\ttype=\"button\"\n\t\t\taria-haspopup=\"dialog\"\n\t\t\taria-label=\"Ingrandisci\"\n\t\t\tdata-wp-init=\"callbacks.initTriggerButton\"\n\t\t\tdata-wp-on--click=\"actions.showLightbox\"\n\t\t\tdata-wp-style--right=\"state.imageButtonRight\"\n\t\t\tdata-wp-style--top=\"state.imageButtonTop\"\n\t\t>\n\t\t\t<svg xmlns=\"http:\/\/www.w3.org\/2000\/svg\" width=\"12\" height=\"12\" fill=\"none\" viewBox=\"0 0 12 12\">\n\t\t\t\t<path fill=\"#fff\" d=\"M2 0a2 2 0 0 0-2 2v2h1.5V2a.5.5 0 0 1 .5-.5h2V0H2Zm2 10.5H2a.5.5 0 0 1-.5-.5V8H0v2a2 2 0 0 0 2 2h2v-1.5ZM8 12v-1.5h2a.5.5 0 0 0 .5-.5V8H12v2a2 2 0 0 1-2 2H8Zm2-12a2 2 0 0 1 2 2v2h-1.5V2a.5.5 0 0 0-.5-.5H8V0h2Z\" \/>\n\t\t\t<\/svg>\n\t\t<\/button><\/figure>\n<\/div>\n<\/div>\n<\/div>\n","protected":false},"excerpt":{"rendered":"<p>CONCORSO SOCIALLY CORRECT 2021 MAI PI\u00d9 SOLI \u2013 CURE PALLIATIVE PEDIATRICHE: UN DIRITTO E UN DOVERE Per la realizzazione della 13a&nbsp;edizione del concorso, l\u2019associazione ha collaborato con la&nbsp;Fondazione Maruzza Onlus&nbsp;su un tema di grande importanza:&nbsp;le cure palliative pediatriche. L\u2019obiettivo del concorso era la realizzazione di una campagna per rendere consapevole l\u2019opinione pubblica del valore delle&nbsp;Cure [&hellip;]<\/p>\n","protected":false},"author":1,"featured_media":0,"parent":143,"menu_order":0,"comment_status":"closed","ping_status":"closed","template":"","meta":{"footnotes":""},"class_list":["post-173","page","type-page","status-publish","hentry"],"_links":{"self":[{"href":"https:\/\/www.sociallycorrect.it\/website\/wp-json\/wp\/v2\/pages\/173","targetHints":{"allow":["GET"]}}],"collection":[{"href":"https:\/\/www.sociallycorrect.it\/website\/wp-json\/wp\/v2\/pages"}],"about":[{"href":"https:\/\/www.sociallycorrect.it\/website\/wp-json\/wp\/v2\/types\/page"}],"author":[{"embeddable":true,"href":"https:\/\/www.sociallycorrect.it\/website\/wp-json\/wp\/v2\/users\/1"}],"replies":[{"embeddable":true,"href":"https:\/\/www.sociallycorrect.it\/website\/wp-json\/wp\/v2\/comments?post=173"}],"version-history":[{"count":9,"href":"https:\/\/www.sociallycorrect.it\/website\/wp-json\/wp\/v2\/pages\/173\/revisions"}],"predecessor-version":[{"id":1952,"href":"https:\/\/www.sociallycorrect.it\/website\/wp-json\/wp\/v2\/pages\/173\/revisions\/1952"}],"up":[{"embeddable":true,"href":"https:\/\/www.sociallycorrect.it\/website\/wp-json\/wp\/v2\/pages\/143"}],"wp:attachment":[{"href":"https:\/\/www.sociallycorrect.it\/website\/wp-json\/wp\/v2\/media?parent=173"}],"curies":[{"name":"wp","href":"https:\/\/api.w.org\/{rel}","templated":true}]}}

<div class="wp-block-group alignfull has-global-padding is-layout-constrained wp-container-core-group-is-layout-d89aad35 wp-block-group-is-layout-constrained" style="margin-top:0;margin-bottom:0;padding-top:var(--wp--preset--spacing--50);padding-right:var(--wp--preset--spacing--50);padding-bottom:var(--wp--preset--spacing--50);padding-left:var(--wp--preset--spacing--50)">
<h5 class="wp-block-heading has-text-align-center has-contrast-color has-text-color has-link-color wp-elements-45e24610c1c50adce5ee3936689b2efd">CONCORSO SOCIALLY CORRECT 202<strong>1</strong></h5>



<h2 class="wp-block-heading alignwide has-text-align-center"><strong><strong>MAI PIÙ SOLI – CURE PALLIATIVE PEDIATRICHE: UN DIRITTO E UN DOVERE</strong></strong></h2>



<div class="wp-block-columns alignwide are-vertically-aligned-center is-layout-flex wp-container-core-columns-is-layout-47c06fe3 wp-block-columns-is-layout-flex">
<div class="wp-block-column is-vertically-aligned-center is-layout-flow wp-block-column-is-layout-flow" style="flex-basis:50%">
<p>Per la realizzazione della 13<sup>a</sup>&nbsp;edizione del concorso, l’associazione ha collaborato con la&nbsp;<strong>Fondazione Maruzza Onlus&nbsp;</strong>su un tema di grande importanza:&nbsp;<strong>le cure palliative pediatriche</strong>. L’obiettivo del concorso era la realizzazione di una campagna per rendere consapevole l’opinione pubblica del valore delle&nbsp;<strong>Cure Palliative Pediatriche</strong>&nbsp;(CPP) al fine di sostenere le famiglie con bambini affetti da malattie inguaribili, rivendicando il diritto all’accesso alle CPP e allo sviluppo delle reti territoriali di assistenza in tutte le regioni italiane. La campagna vincitrice intitolata “Questo non è una favola”,&nbsp;è stata ideata dalla coppia creativa&nbsp;<strong>Itziar Soto</strong>, Art Director e&nbsp;<strong>Valeria Polanco Torres</strong>, Copywriter, studenti di NABA, Nuova Accademia di Belle Arti, sotto la guida del Professor Filippo Maria Rieder, docente di Art Direction.<br>L’idea creativa della loro campagna basato sul concetto che la vita vera non è una favola, utilizza come scenario una fiaba inaspettata per rappresentare la realtà così com’è, e per enfatizzare l’importanza delle CPP.</p>



<p>La campagna è al sostegno del progetto promosso dalla<strong> Fondazione Maruzza</strong> per non lasciare soli i circa 30mila bambini nel nostro Paese che soffrono di una malattia inguaribile di cui oggi solo il 5% accede alle cure per alleviare la sofferenza fisica, psicologica, emotiva e spirituale, che sono per loro e le loro famiglie, un diritto previsto dalla legge. La campagna, inoltre, incoraggia il pubblico a firmare la petizione “A casa è più meglio”, lanciata dalla Fondazione Maruzza.</p>



<div class="wp-block-buttons is-layout-flex wp-block-buttons-is-layout-flex">
<div class="wp-block-button is-style-outline is-style-outline--1"><a class="wp-block-button__link has-base-2-color has-custom-colore-1-background-color has-text-color has-background has-link-color wp-element-button" href="https://www.sociallycorrect.it/website/eventi-socially-correct/premiazione-xiii-concorso/">PREMIAZIONE XIII CONCORSO</a></div>
</div>
</div>



<div class="wp-block-column is-vertically-aligned-center is-layout-flow wp-block-column-is-layout-flow" style="flex-basis:50%">
<figure data-wp-context="{&quot;imageId&quot;:&quot;69f480fc82bfa&quot;}" data-wp-interactive="core/image" data-wp-key="69f480fc82bfa" class="wp-block-image size-full is-style-rounded is-style-rounded--2 wp-lightbox-container"><img loading="lazy" decoding="async" width="672" height="448" data-wp-class--hide="state.isContentHidden" data-wp-class--show="state.isContentVisible" data-wp-init="callbacks.setButtonStyles" data-wp-on--click="actions.showLightbox" data-wp-on--load="callbacks.setButtonStyles" data-wp-on-window--resize="callbacks.setButtonStyles" src="https://www.sociallycorrect.it/website/wp-content/uploads/2023/12/SC2021-2.png" alt="" class="wp-image-175" srcset="https://www.sociallycorrect.it/website/wp-content/uploads/2023/12/SC2021-2.png 672w, https://www.sociallycorrect.it/website/wp-content/uploads/2023/12/SC2021-2-300x200.png 300w" sizes="auto, (max-width: 672px) 100vw, 672px" /><button
			class="lightbox-trigger"
			type="button"
			aria-haspopup="dialog"
			aria-label="Ingrandisci"
			data-wp-init="callbacks.initTriggerButton"
			data-wp-on--click="actions.showLightbox"
			data-wp-style--right="state.imageButtonRight"
			data-wp-style--top="state.imageButtonTop"
		>
			<svg xmlns="http://www.w3.org/2000/svg" width="12" height="12" fill="none" viewBox="0 0 12 12">
				<path fill="#fff" d="M2 0a2 2 0 0 0-2 2v2h1.5V2a.5.5 0 0 1 .5-.5h2V0H2Zm2 10.5H2a.5.5 0 0 1-.5-.5V8H0v2a2 2 0 0 0 2 2h2v-1.5ZM8 12v-1.5h2a.5.5 0 0 0 .5-.5V8H12v2a2 2 0 0 1-2 2H8Zm2-12a2 2 0 0 1 2 2v2h-1.5V2a.5.5 0 0 0-.5-.5H8V0h2Z" />
			</svg>
		</button></figure>



<figure data-wp-context="{&quot;imageId&quot;:&quot;69f480fc83762&quot;}" data-wp-interactive="core/image" data-wp-key="69f480fc83762" class="wp-block-image size-large is-style-rounded is-style-rounded--3 wp-lightbox-container"><img loading="lazy" decoding="async" width="1024" height="682" data-wp-class--hide="state.isContentHidden" data-wp-class--show="state.isContentVisible" data-wp-init="callbacks.setButtonStyles" data-wp-on--click="actions.showLightbox" data-wp-on--load="callbacks.setButtonStyles" data-wp-on-window--resize="callbacks.setButtonStyles" src="https://www.sociallycorrect.it/website/wp-content/uploads/2023/12/SC2021_e-1024x682.jpg" alt="" class="wp-image-176" srcset="https://www.sociallycorrect.it/website/wp-content/uploads/2023/12/SC2021_e-1024x682.jpg 1024w, https://www.sociallycorrect.it/website/wp-content/uploads/2023/12/SC2021_e-300x200.jpg 300w, https://www.sociallycorrect.it/website/wp-content/uploads/2023/12/SC2021_e-768x512.jpg 768w, https://www.sociallycorrect.it/website/wp-content/uploads/2023/12/SC2021_e.jpg 1054w" sizes="auto, (max-width: 1024px) 100vw, 1024px" /><button
			class="lightbox-trigger"
			type="button"
			aria-haspopup="dialog"
			aria-label="Ingrandisci"
			data-wp-init="callbacks.initTriggerButton"
			data-wp-on--click="actions.showLightbox"
			data-wp-style--right="state.imageButtonRight"
			data-wp-style--top="state.imageButtonTop"
		>
			<svg xmlns="http://www.w3.org/2000/svg" width="12" height="12" fill="none" viewBox="0 0 12 12">
				<path fill="#fff" d="M2 0a2 2 0 0 0-2 2v2h1.5V2a.5.5 0 0 1 .5-.5h2V0H2Zm2 10.5H2a.5.5 0 0 1-.5-.5V8H0v2a2 2 0 0 0 2 2h2v-1.5ZM8 12v-1.5h2a.5.5 0 0 0 .5-.5V8H12v2a2 2 0 0 1-2 2H8Zm2-12a2 2 0 0 1 2 2v2h-1.5V2a.5.5 0 0 0-.5-.5H8V0h2Z" />
			</svg>
		</button></figure>
</div>
</div>
</div>

<p>CONCORSO SOCIALLY CORRECT 2021 MAI PIÙ SOLI – CURE PALLIATIVE PEDIATRICHE: UN DIRITTO E UN DOVERE Per la realizzazione della 13a&nbsp;edizione del concorso, l’associazione ha collaborato con la&nbsp;Fondazione Maruzza Onlus&nbsp;su un tema di grande importanza:&nbsp;le cure palliative pediatriche. L’obiettivo del concorso era la realizzazione di una campagna per rendere consapevole l’opinione pubblica del valore delle&nbsp;Cure [&hellip;]</p>
