{"id":217,"date":"2023-12-03T17:29:08","date_gmt":"2023-12-03T17:29:08","guid":{"rendered":"https:\/\/www.sociallycorrect.it\/website\/?page_id=217"},"modified":"2024-12-02T14:26:36","modified_gmt":"2024-12-02T14:26:36","slug":"concorso-2016","status":"publish","type":"page","link":"https:\/\/www.sociallycorrect.it\/website\/concorso-socially-correct\/concorso-2016\/","title":{"rendered":"Concorso Socially Correct 2016"},"content":{"rendered":"\n<div class=\"wp-block-group alignfull has-global-padding is-content-justification-center is-layout-constrained wp-container-core-group-is-layout-733701de wp-block-group-is-layout-constrained\" style=\"margin-top:0;margin-bottom:0;padding-top:var(--wp--preset--spacing--50);padding-right:var(--wp--preset--spacing--50);padding-bottom:var(--wp--preset--spacing--50);padding-left:var(--wp--preset--spacing--50)\">\n<h5 class=\"wp-block-heading has-text-align-center has-contrast-color has-text-color has-link-color wp-elements-a53c3657d77842adb82fcc76ce4121cd\">CONCORSO SOCIALLY CORRECT 2016<\/h5>\n\n\n\n<h2 class=\"wp-block-heading alignwide has-text-align-center\"><strong><strong><strong><strong>DIFFERENTI MA UGUALI<\/strong><\/strong><\/strong><\/strong><\/h2>\n\n\n\n<div class=\"wp-block-columns alignwide are-vertically-aligned-top is-layout-flex wp-container-core-columns-is-layout-47c06fe3 wp-block-columns-is-layout-flex\">\n<div class=\"wp-block-column is-vertically-aligned-top is-layout-flow wp-block-column-is-layout-flow\" style=\"flex-basis:50%\">\n<p>Per il 9\u00b0 concorso Socially Correct, patrocinato dalla Presidenza del Consiglio dei Ministri \u2013 Dipartimento per le Pari Opportunit\u00e0 \u00e8 stato richiesto ai concorrenti la creazione di una campagna sociale per l\u2019eliminazione degli stereotipi e delle differenze di genere.<\/p>\n\n\n\n<p>L\u2019obiettivo della campagna era di sensibilizzare l\u2019opinione pubblica sulla necessit\u00e0 di contrastare gli stereotipi e i pregiudizi legati all\u2019appartenenza ad un genere, a partire dalle nuove generazioni, fondamentale per combattere ogni forma di violenza basata sui modelli socio-culturali di donne e uomini: bisogna valorizzare&nbsp;l\u2019uguaglianza per arrivare all\u2019accettazione della differenza. Uomini e donne sono differenti, ma sono uguali nei ruoli, nei desideri, nelle opportunit\u00e0. L\u2019unico obiettivo \u00e8 la crescita della persona.<\/p>\n\n\n\n<p>La campagna vincitrice ideata da&nbsp;<strong>Giulia Premi,<\/strong>&nbsp;Art Director e&nbsp;<strong>Giorgia Tronconi<\/strong>&nbsp;Copywriter, studenti della Nuova Accademia di Belli Arti (NABA) di Milano, \u00e8 basata sul concetto che molte delle nostre decisioni non derivino da un nostro sogno, ma da quello che gli stereotipi ci impongono. <\/p>\n\n\n\n<div class=\"wp-block-media-text is-stacked-on-mobile is-image-fill-element has-base-background-color has-background\"><figure class=\"wp-block-media-text__media\"><img loading=\"lazy\" decoding=\"async\" width=\"1024\" height=\"660\" src=\"https:\/\/www.sociallycorrect.it\/website\/wp-content\/uploads\/2024\/12\/2016prem-1024x660.jpg\" alt=\"\" class=\"wp-image-1982 size-full\" style=\"object-position:50% 50%\" srcset=\"https:\/\/www.sociallycorrect.it\/website\/wp-content\/uploads\/2024\/12\/2016prem-1024x660.jpg 1024w, https:\/\/www.sociallycorrect.it\/website\/wp-content\/uploads\/2024\/12\/2016prem-300x193.jpg 300w, https:\/\/www.sociallycorrect.it\/website\/wp-content\/uploads\/2024\/12\/2016prem-768x495.jpg 768w, https:\/\/www.sociallycorrect.it\/website\/wp-content\/uploads\/2024\/12\/2016prem-1536x990.jpg 1536w, https:\/\/www.sociallycorrect.it\/website\/wp-content\/uploads\/2024\/12\/2016prem.jpg 2048w\" sizes=\"auto, (max-width: 1024px) 100vw, 1024px\" \/><\/figure><div class=\"wp-block-media-text__content\">\n<p class=\"has-small-font-size\"><strong>Giulia Premi<\/strong> &#8211; Art Director<br><strong>Giorgia Tronconi<\/strong> &#8211; Copywriter<\/p>\n<\/div><\/div>\n\n\n\n<p>Il messaggio della campagna&nbsp;<strong>\u201cI sogni non hanno genere\u201d<\/strong>&nbsp;\u00e8 \u201cla possibilit\u00e0 di sognare oltre gli stereotipi crea uomini e donne liberi di essere ci\u00f2 che desiderano veramente; in un mondo dove i sogni non hanno genere, le opportunit\u00e0 sono per tutti\u201d.<\/p>\n\n\n\n<div class=\"wp-block-buttons is-layout-flex wp-block-buttons-is-layout-flex\">\n<div class=\"wp-block-button is-style-outline is-style-outline--1\"><a class=\"wp-block-button__link has-base-2-color has-custom-colore-1-background-color has-text-color has-background has-link-color wp-element-button\" href=\"https:\/\/www.sociallycorrect.it\/website\/eventi-socially-correct\/premiazione-ix-concorso\/\">PREMIAZIONE IX CONCORSO<\/a><\/div>\n<\/div>\n<\/div>\n\n\n\n<div class=\"wp-block-column is-vertically-aligned-top is-layout-flow wp-block-column-is-layout-flow\" style=\"flex-basis:50%\">\n<figure class=\"wp-block-image size-large\"><img loading=\"lazy\" decoding=\"async\" width=\"724\" height=\"1024\" src=\"https:\/\/www.sociallycorrect.it\/website\/wp-content\/uploads\/2023\/12\/Senza-titolo-1-768x1086-1-724x1024.jpg\" alt=\"\" class=\"wp-image-220\" srcset=\"https:\/\/www.sociallycorrect.it\/website\/wp-content\/uploads\/2023\/12\/Senza-titolo-1-768x1086-1-724x1024.jpg 724w, https:\/\/www.sociallycorrect.it\/website\/wp-content\/uploads\/2023\/12\/Senza-titolo-1-768x1086-1-212x300.jpg 212w, https:\/\/www.sociallycorrect.it\/website\/wp-content\/uploads\/2023\/12\/Senza-titolo-1-768x1086-1.jpg 768w\" sizes=\"auto, (max-width: 724px) 100vw, 724px\" \/><\/figure>\n<\/div>\n<\/div>\n<\/div>\n","protected":false},"excerpt":{"rendered":"<p>CONCORSO SOCIALLY CORRECT 2016 DIFFERENTI MA UGUALI Per il 9\u00b0 concorso Socially Correct, patrocinato dalla Presidenza del Consiglio dei Ministri \u2013 Dipartimento per le Pari Opportunit\u00e0 \u00e8 stato richiesto ai concorrenti la creazione di una campagna sociale per l\u2019eliminazione degli stereotipi e delle differenze di genere. L\u2019obiettivo della campagna era di sensibilizzare l\u2019opinione pubblica sulla [&hellip;]<\/p>\n","protected":false},"author":1,"featured_media":0,"parent":143,"menu_order":0,"comment_status":"closed","ping_status":"closed","template":"","meta":{"footnotes":""},"class_list":["post-217","page","type-page","status-publish","hentry"],"_links":{"self":[{"href":"https:\/\/www.sociallycorrect.it\/website\/wp-json\/wp\/v2\/pages\/217","targetHints":{"allow":["GET"]}}],"collection":[{"href":"https:\/\/www.sociallycorrect.it\/website\/wp-json\/wp\/v2\/pages"}],"about":[{"href":"https:\/\/www.sociallycorrect.it\/website\/wp-json\/wp\/v2\/types\/page"}],"author":[{"embeddable":true,"href":"https:\/\/www.sociallycorrect.it\/website\/wp-json\/wp\/v2\/users\/1"}],"replies":[{"embeddable":true,"href":"https:\/\/www.sociallycorrect.it\/website\/wp-json\/wp\/v2\/comments?post=217"}],"version-history":[{"count":8,"href":"https:\/\/www.sociallycorrect.it\/website\/wp-json\/wp\/v2\/pages\/217\/revisions"}],"predecessor-version":[{"id":1984,"href":"https:\/\/www.sociallycorrect.it\/website\/wp-json\/wp\/v2\/pages\/217\/revisions\/1984"}],"up":[{"embeddable":true,"href":"https:\/\/www.sociallycorrect.it\/website\/wp-json\/wp\/v2\/pages\/143"}],"wp:attachment":[{"href":"https:\/\/www.sociallycorrect.it\/website\/wp-json\/wp\/v2\/media?parent=217"}],"curies":[{"name":"wp","href":"https:\/\/api.w.org\/{rel}","templated":true}]}}

<div class="wp-block-group alignfull has-global-padding is-content-justification-center is-layout-constrained wp-container-core-group-is-layout-733701de wp-block-group-is-layout-constrained" style="margin-top:0;margin-bottom:0;padding-top:var(--wp--preset--spacing--50);padding-right:var(--wp--preset--spacing--50);padding-bottom:var(--wp--preset--spacing--50);padding-left:var(--wp--preset--spacing--50)">
<h5 class="wp-block-heading has-text-align-center has-contrast-color has-text-color has-link-color wp-elements-a53c3657d77842adb82fcc76ce4121cd">CONCORSO SOCIALLY CORRECT 2016</h5>



<h2 class="wp-block-heading alignwide has-text-align-center"><strong><strong><strong><strong>DIFFERENTI MA UGUALI</strong></strong></strong></strong></h2>



<div class="wp-block-columns alignwide are-vertically-aligned-top is-layout-flex wp-container-core-columns-is-layout-47c06fe3 wp-block-columns-is-layout-flex">
<div class="wp-block-column is-vertically-aligned-top is-layout-flow wp-block-column-is-layout-flow" style="flex-basis:50%">
<p>Per il 9° concorso Socially Correct, patrocinato dalla Presidenza del Consiglio dei Ministri – Dipartimento per le Pari Opportunità è stato richiesto ai concorrenti la creazione di una campagna sociale per l’eliminazione degli stereotipi e delle differenze di genere.</p>



<p>L’obiettivo della campagna era di sensibilizzare l’opinione pubblica sulla necessità di contrastare gli stereotipi e i pregiudizi legati all’appartenenza ad un genere, a partire dalle nuove generazioni, fondamentale per combattere ogni forma di violenza basata sui modelli socio-culturali di donne e uomini: bisogna valorizzare&nbsp;l’uguaglianza per arrivare all’accettazione della differenza. Uomini e donne sono differenti, ma sono uguali nei ruoli, nei desideri, nelle opportunità. L’unico obiettivo è la crescita della persona.</p>



<p>La campagna vincitrice ideata da&nbsp;<strong>Giulia Premi,</strong>&nbsp;Art Director e&nbsp;<strong>Giorgia Tronconi</strong>&nbsp;Copywriter, studenti della Nuova Accademia di Belli Arti (NABA) di Milano, è basata sul concetto che molte delle nostre decisioni non derivino da un nostro sogno, ma da quello che gli stereotipi ci impongono. </p>



<div class="wp-block-media-text is-stacked-on-mobile is-image-fill-element has-base-background-color has-background"><figure class="wp-block-media-text__media"><img loading="lazy" decoding="async" width="1024" height="660" src="https://www.sociallycorrect.it/website/wp-content/uploads/2024/12/2016prem-1024x660.jpg" alt="" class="wp-image-1982 size-full" style="object-position:50% 50%" srcset="https://www.sociallycorrect.it/website/wp-content/uploads/2024/12/2016prem-1024x660.jpg 1024w, https://www.sociallycorrect.it/website/wp-content/uploads/2024/12/2016prem-300x193.jpg 300w, https://www.sociallycorrect.it/website/wp-content/uploads/2024/12/2016prem-768x495.jpg 768w, https://www.sociallycorrect.it/website/wp-content/uploads/2024/12/2016prem-1536x990.jpg 1536w, https://www.sociallycorrect.it/website/wp-content/uploads/2024/12/2016prem.jpg 2048w" sizes="auto, (max-width: 1024px) 100vw, 1024px" /></figure><div class="wp-block-media-text__content">
<p class="has-small-font-size"><strong>Giulia Premi</strong> &#8211; Art Director<br><strong>Giorgia Tronconi</strong> &#8211; Copywriter</p>
</div></div>



<p>Il messaggio della campagna&nbsp;<strong>“I sogni non hanno genere”</strong>&nbsp;è “la possibilità di sognare oltre gli stereotipi crea uomini e donne liberi di essere ciò che desiderano veramente; in un mondo dove i sogni non hanno genere, le opportunità sono per tutti”.</p>



<div class="wp-block-buttons is-layout-flex wp-block-buttons-is-layout-flex">
<div class="wp-block-button is-style-outline is-style-outline--1"><a class="wp-block-button__link has-base-2-color has-custom-colore-1-background-color has-text-color has-background has-link-color wp-element-button" href="https://www.sociallycorrect.it/website/eventi-socially-correct/premiazione-ix-concorso/">PREMIAZIONE IX CONCORSO</a></div>
</div>
</div>



<div class="wp-block-column is-vertically-aligned-top is-layout-flow wp-block-column-is-layout-flow" style="flex-basis:50%">
<figure class="wp-block-image size-large"><img loading="lazy" decoding="async" width="724" height="1024" src="https://www.sociallycorrect.it/website/wp-content/uploads/2023/12/Senza-titolo-1-768x1086-1-724x1024.jpg" alt="" class="wp-image-220" srcset="https://www.sociallycorrect.it/website/wp-content/uploads/2023/12/Senza-titolo-1-768x1086-1-724x1024.jpg 724w, https://www.sociallycorrect.it/website/wp-content/uploads/2023/12/Senza-titolo-1-768x1086-1-212x300.jpg 212w, https://www.sociallycorrect.it/website/wp-content/uploads/2023/12/Senza-titolo-1-768x1086-1.jpg 768w" sizes="auto, (max-width: 724px) 100vw, 724px" /></figure>
</div>
</div>
</div>

<p>CONCORSO SOCIALLY CORRECT 2016 DIFFERENTI MA UGUALI Per il 9° concorso Socially Correct, patrocinato dalla Presidenza del Consiglio dei Ministri – Dipartimento per le Pari Opportunità è stato richiesto ai concorrenti la creazione di una campagna sociale per l’eliminazione degli stereotipi e delle differenze di genere. L’obiettivo della campagna era di sensibilizzare l’opinione pubblica sulla [&hellip;]</p>
