{"id":222,"date":"2023-12-03T17:32:07","date_gmt":"2023-12-03T17:32:07","guid":{"rendered":"https:\/\/www.sociallycorrect.it\/website\/?page_id=222"},"modified":"2024-02-12T07:38:02","modified_gmt":"2024-02-12T07:38:02","slug":"concorso-2015","status":"publish","type":"page","link":"https:\/\/www.sociallycorrect.it\/website\/concorso-socially-correct\/concorso-2015\/","title":{"rendered":"Concorso Socially Correct 2015"},"content":{"rendered":"\n<div class=\"wp-block-group alignfull has-global-padding is-content-justification-center is-layout-constrained wp-container-core-group-is-layout-733701de wp-block-group-is-layout-constrained\" style=\"margin-top:0;margin-bottom:0;padding-top:var(--wp--preset--spacing--50);padding-right:var(--wp--preset--spacing--50);padding-bottom:var(--wp--preset--spacing--50);padding-left:var(--wp--preset--spacing--50)\">\n<h5 class=\"wp-block-heading has-text-align-center has-contrast-color has-text-color has-link-color wp-elements-b10b05c3964a9cbd177a6c8bf5c3ee3d\">CONCORSO SOCIALLY CORRECT 2015<\/h5>\n\n\n\n<h2 class=\"wp-block-heading alignwide has-text-align-center\"><strong><strong><strong><strong>UNA SOLA FAMIGLIA UMANA<\/strong><\/strong><\/strong><\/strong><\/h2>\n\n\n\n<div class=\"wp-block-columns alignwide are-vertically-aligned-top is-layout-flex wp-container-core-columns-is-layout-47c06fe3 wp-block-columns-is-layout-flex\">\n<div class=\"wp-block-column is-vertically-aligned-top is-layout-flow wp-block-column-is-layout-flow\" style=\"flex-basis:50%\">\n<p>I concorrenti dell\u20198\u00b0 concorso Socially Correct sono stati chiamati a confrontarsi sul tema della coesione sociale, per ideare una campagna di comunicazione per&nbsp;<strong>Caritas Italiana<\/strong>.<\/p>\n\n\n\n<p>L\u2019obiettivo della campagna era di sensibilizzare i cittadini sulla necessit\u00e0 di promuovere la coesione sociale e far sentire alle persone che ogni singolo gesto di solidariet\u00e0 non \u00e8 mai isolato perch\u00e9 innesca una rete di solidariet\u00e0 che ci rende tutti pi\u00f9 ricchi, come una grande famiglia. La campagna doveva invitare la popolazione ad essere parte attiva e responsabile del processo, facendo emergere buone pratiche di coesione sociale e di sviluppo di comunit\u00e0: come in una famiglia, solo se tutti si impegnano nel costruire, e non nel demolire, \u201csi mette su casa\u201d.<\/p>\n\n\n\n<p>La campagna vincitrice ideata da&nbsp;<strong>Chiara Mezzalira<\/strong>, Art Director e&nbsp;<strong>Pietro Giuseppe Liverotti<\/strong>, Copywriter, studenti dell\u2019Istituto Europeo del Design (IED) Roma, si basa sul concetto che \u201cci sono persone che puoi conoscere solo avvicinandoti\u201d, quindi \u201cNon tener le distanze perch\u00e9 siamo un\u2019unica famiglia umana\u201d. <\/p>\n\n\n\n<div class=\"wp-block-media-text is-stacked-on-mobile is-image-fill has-base-background-color has-background\" style=\"grid-template-columns:41% auto\"><figure class=\"wp-block-media-text__media\" style=\"background-image:url(https:\/\/www.sociallycorrect.it\/website\/wp-content\/uploads\/2023\/12\/2015_vincitori_263x372-3.jpg);background-position:55% 27%\"><img loading=\"lazy\" decoding=\"async\" width=\"263\" height=\"374\" src=\"https:\/\/www.sociallycorrect.it\/website\/wp-content\/uploads\/2023\/12\/2015_vincitori_263x372-3.jpg\" alt=\"\" class=\"wp-image-231 size-full\" srcset=\"https:\/\/www.sociallycorrect.it\/website\/wp-content\/uploads\/2023\/12\/2015_vincitori_263x372-3.jpg 263w, https:\/\/www.sociallycorrect.it\/website\/wp-content\/uploads\/2023\/12\/2015_vincitori_263x372-3-211x300.jpg 211w\" sizes=\"auto, (max-width: 263px) 100vw, 263px\" \/><\/figure><div class=\"wp-block-media-text__content\">\n<p class=\"has-small-font-size\"><strong>Chiara Mezzalira<\/strong> &#8211; Art Director <strong>Pietro Giuseppe Liverotti<\/strong> &#8211; Copywriter<\/p>\n<\/div><\/div>\n\n\n\n<p>La necessit\u00e0 di avvicinarsi al testo della campagna per poterlo leggere, \u00e8 un \u201ctrucco\u201d semplice, ma molto efficace per rafforzare questo concetto.<\/p>\n\n\n\n<div class=\"wp-block-buttons is-layout-flex wp-block-buttons-is-layout-flex\">\n<div class=\"wp-block-button is-style-outline is-style-outline--1\"><a class=\"wp-block-button__link has-base-2-color has-custom-colore-1-background-color has-text-color has-background has-link-color wp-element-button\" href=\"https:\/\/www.sociallycorrect.it\/website\/eventi-socially-correct\/premiazione-viii-concorso\/\">PREMIAZIONE VIII CONCORSO<\/a><\/div>\n<\/div>\n<\/div>\n\n\n\n<div class=\"wp-block-column is-vertically-aligned-top is-layout-flow wp-block-column-is-layout-flow\" style=\"flex-basis:50%\">\n<figure class=\"wp-block-image size-full\"><img loading=\"lazy\" decoding=\"async\" width=\"560\" height=\"396\" src=\"https:\/\/www.sociallycorrect.it\/website\/wp-content\/uploads\/2023\/12\/2015_CaritasStefano_560.jpg\" alt=\"\" class=\"wp-image-225\" srcset=\"https:\/\/www.sociallycorrect.it\/website\/wp-content\/uploads\/2023\/12\/2015_CaritasStefano_560.jpg 560w, https:\/\/www.sociallycorrect.it\/website\/wp-content\/uploads\/2023\/12\/2015_CaritasStefano_560-300x212.jpg 300w\" sizes=\"auto, (max-width: 560px) 100vw, 560px\" \/><\/figure>\n\n\n\n<figure class=\"wp-block-image size-full\"><img loading=\"lazy\" decoding=\"async\" width=\"560\" height=\"396\" src=\"https:\/\/www.sociallycorrect.it\/website\/wp-content\/uploads\/2023\/12\/2015_CaritasJamal_560.jpg\" alt=\"\" class=\"wp-image-226\" srcset=\"https:\/\/www.sociallycorrect.it\/website\/wp-content\/uploads\/2023\/12\/2015_CaritasJamal_560.jpg 560w, https:\/\/www.sociallycorrect.it\/website\/wp-content\/uploads\/2023\/12\/2015_CaritasJamal_560-300x212.jpg 300w\" sizes=\"auto, (max-width: 560px) 100vw, 560px\" \/><\/figure>\n\n\n\n<figure class=\"wp-block-image size-full\"><img loading=\"lazy\" decoding=\"async\" width=\"560\" height=\"396\" src=\"https:\/\/www.sociallycorrect.it\/website\/wp-content\/uploads\/2023\/12\/2015_CaritasMarta_560.jpg\" alt=\"\" class=\"wp-image-227\" srcset=\"https:\/\/www.sociallycorrect.it\/website\/wp-content\/uploads\/2023\/12\/2015_CaritasMarta_560.jpg 560w, https:\/\/www.sociallycorrect.it\/website\/wp-content\/uploads\/2023\/12\/2015_CaritasMarta_560-300x212.jpg 300w\" sizes=\"auto, (max-width: 560px) 100vw, 560px\" \/><\/figure>\n<\/div>\n<\/div>\n<\/div>\n","protected":false},"excerpt":{"rendered":"<p>CONCORSO SOCIALLY CORRECT 2015 UNA SOLA FAMIGLIA UMANA I concorrenti dell\u20198\u00b0 concorso Socially Correct sono stati chiamati a confrontarsi sul tema della coesione sociale, per ideare una campagna di comunicazione per&nbsp;Caritas Italiana. L\u2019obiettivo della campagna era di sensibilizzare i cittadini sulla necessit\u00e0 di promuovere la coesione sociale e far sentire alle persone che ogni singolo [&hellip;]<\/p>\n","protected":false},"author":1,"featured_media":0,"parent":143,"menu_order":0,"comment_status":"closed","ping_status":"closed","template":"","meta":{"footnotes":""},"class_list":["post-222","page","type-page","status-publish","hentry"],"_links":{"self":[{"href":"https:\/\/www.sociallycorrect.it\/website\/wp-json\/wp\/v2\/pages\/222","targetHints":{"allow":["GET"]}}],"collection":[{"href":"https:\/\/www.sociallycorrect.it\/website\/wp-json\/wp\/v2\/pages"}],"about":[{"href":"https:\/\/www.sociallycorrect.it\/website\/wp-json\/wp\/v2\/types\/page"}],"author":[{"embeddable":true,"href":"https:\/\/www.sociallycorrect.it\/website\/wp-json\/wp\/v2\/users\/1"}],"replies":[{"embeddable":true,"href":"https:\/\/www.sociallycorrect.it\/website\/wp-json\/wp\/v2\/comments?post=222"}],"version-history":[{"count":8,"href":"https:\/\/www.sociallycorrect.it\/website\/wp-json\/wp\/v2\/pages\/222\/revisions"}],"predecessor-version":[{"id":1663,"href":"https:\/\/www.sociallycorrect.it\/website\/wp-json\/wp\/v2\/pages\/222\/revisions\/1663"}],"up":[{"embeddable":true,"href":"https:\/\/www.sociallycorrect.it\/website\/wp-json\/wp\/v2\/pages\/143"}],"wp:attachment":[{"href":"https:\/\/www.sociallycorrect.it\/website\/wp-json\/wp\/v2\/media?parent=222"}],"curies":[{"name":"wp","href":"https:\/\/api.w.org\/{rel}","templated":true}]}}

<div class="wp-block-group alignfull has-global-padding is-content-justification-center is-layout-constrained wp-container-core-group-is-layout-733701de wp-block-group-is-layout-constrained" style="margin-top:0;margin-bottom:0;padding-top:var(--wp--preset--spacing--50);padding-right:var(--wp--preset--spacing--50);padding-bottom:var(--wp--preset--spacing--50);padding-left:var(--wp--preset--spacing--50)">
<h5 class="wp-block-heading has-text-align-center has-contrast-color has-text-color has-link-color wp-elements-b10b05c3964a9cbd177a6c8bf5c3ee3d">CONCORSO SOCIALLY CORRECT 2015</h5>



<h2 class="wp-block-heading alignwide has-text-align-center"><strong><strong><strong><strong>UNA SOLA FAMIGLIA UMANA</strong></strong></strong></strong></h2>



<div class="wp-block-columns alignwide are-vertically-aligned-top is-layout-flex wp-container-core-columns-is-layout-47c06fe3 wp-block-columns-is-layout-flex">
<div class="wp-block-column is-vertically-aligned-top is-layout-flow wp-block-column-is-layout-flow" style="flex-basis:50%">
<p>I concorrenti dell’8° concorso Socially Correct sono stati chiamati a confrontarsi sul tema della coesione sociale, per ideare una campagna di comunicazione per&nbsp;<strong>Caritas Italiana</strong>.</p>



<p>L’obiettivo della campagna era di sensibilizzare i cittadini sulla necessità di promuovere la coesione sociale e far sentire alle persone che ogni singolo gesto di solidarietà non è mai isolato perché innesca una rete di solidarietà che ci rende tutti più ricchi, come una grande famiglia. La campagna doveva invitare la popolazione ad essere parte attiva e responsabile del processo, facendo emergere buone pratiche di coesione sociale e di sviluppo di comunità: come in una famiglia, solo se tutti si impegnano nel costruire, e non nel demolire, “si mette su casa”.</p>



<p>La campagna vincitrice ideata da&nbsp;<strong>Chiara Mezzalira</strong>, Art Director e&nbsp;<strong>Pietro Giuseppe Liverotti</strong>, Copywriter, studenti dell’Istituto Europeo del Design (IED) Roma, si basa sul concetto che “ci sono persone che puoi conoscere solo avvicinandoti”, quindi “Non tener le distanze perché siamo un’unica famiglia umana”. </p>



<div class="wp-block-media-text is-stacked-on-mobile is-image-fill has-base-background-color has-background" style="grid-template-columns:41% auto"><figure class="wp-block-media-text__media" style="background-image:url(https://www.sociallycorrect.it/website/wp-content/uploads/2023/12/2015_vincitori_263x372-3.jpg);background-position:55% 27%"><img loading="lazy" decoding="async" width="263" height="374" src="https://www.sociallycorrect.it/website/wp-content/uploads/2023/12/2015_vincitori_263x372-3.jpg" alt="" class="wp-image-231 size-full" srcset="https://www.sociallycorrect.it/website/wp-content/uploads/2023/12/2015_vincitori_263x372-3.jpg 263w, https://www.sociallycorrect.it/website/wp-content/uploads/2023/12/2015_vincitori_263x372-3-211x300.jpg 211w" sizes="auto, (max-width: 263px) 100vw, 263px" /></figure><div class="wp-block-media-text__content">
<p class="has-small-font-size"><strong>Chiara Mezzalira</strong> &#8211; Art Director <strong>Pietro Giuseppe Liverotti</strong> &#8211; Copywriter</p>
</div></div>



<p>La necessità di avvicinarsi al testo della campagna per poterlo leggere, è un “trucco” semplice, ma molto efficace per rafforzare questo concetto.</p>



<div class="wp-block-buttons is-layout-flex wp-block-buttons-is-layout-flex">
<div class="wp-block-button is-style-outline is-style-outline--1"><a class="wp-block-button__link has-base-2-color has-custom-colore-1-background-color has-text-color has-background has-link-color wp-element-button" href="https://www.sociallycorrect.it/website/eventi-socially-correct/premiazione-viii-concorso/">PREMIAZIONE VIII CONCORSO</a></div>
</div>
</div>



<div class="wp-block-column is-vertically-aligned-top is-layout-flow wp-block-column-is-layout-flow" style="flex-basis:50%">
<figure class="wp-block-image size-full"><img loading="lazy" decoding="async" width="560" height="396" src="https://www.sociallycorrect.it/website/wp-content/uploads/2023/12/2015_CaritasStefano_560.jpg" alt="" class="wp-image-225" srcset="https://www.sociallycorrect.it/website/wp-content/uploads/2023/12/2015_CaritasStefano_560.jpg 560w, https://www.sociallycorrect.it/website/wp-content/uploads/2023/12/2015_CaritasStefano_560-300x212.jpg 300w" sizes="auto, (max-width: 560px) 100vw, 560px" /></figure>



<figure class="wp-block-image size-full"><img loading="lazy" decoding="async" width="560" height="396" src="https://www.sociallycorrect.it/website/wp-content/uploads/2023/12/2015_CaritasJamal_560.jpg" alt="" class="wp-image-226" srcset="https://www.sociallycorrect.it/website/wp-content/uploads/2023/12/2015_CaritasJamal_560.jpg 560w, https://www.sociallycorrect.it/website/wp-content/uploads/2023/12/2015_CaritasJamal_560-300x212.jpg 300w" sizes="auto, (max-width: 560px) 100vw, 560px" /></figure>



<figure class="wp-block-image size-full"><img loading="lazy" decoding="async" width="560" height="396" src="https://www.sociallycorrect.it/website/wp-content/uploads/2023/12/2015_CaritasMarta_560.jpg" alt="" class="wp-image-227" srcset="https://www.sociallycorrect.it/website/wp-content/uploads/2023/12/2015_CaritasMarta_560.jpg 560w, https://www.sociallycorrect.it/website/wp-content/uploads/2023/12/2015_CaritasMarta_560-300x212.jpg 300w" sizes="auto, (max-width: 560px) 100vw, 560px" /></figure>
</div>
</div>
</div>

<p>CONCORSO SOCIALLY CORRECT 2015 UNA SOLA FAMIGLIA UMANA I concorrenti dell’8° concorso Socially Correct sono stati chiamati a confrontarsi sul tema della coesione sociale, per ideare una campagna di comunicazione per&nbsp;Caritas Italiana. L’obiettivo della campagna era di sensibilizzare i cittadini sulla necessità di promuovere la coesione sociale e far sentire alle persone che ogni singolo [&hellip;]</p>
