{"id":259,"date":"2023-12-03T18:08:04","date_gmt":"2023-12-03T18:08:04","guid":{"rendered":"https:\/\/www.sociallycorrect.it\/website\/?page_id=259"},"modified":"2025-09-25T17:23:17","modified_gmt":"2025-09-25T17:23:17","slug":"concorso-socially-correct-2011","status":"publish","type":"page","link":"https:\/\/www.sociallycorrect.it\/website\/concorso-socially-correct\/concorso-socially-correct-2011\/","title":{"rendered":"Concorso Socially Correct 2011"},"content":{"rendered":"\n<div class=\"wp-block-group alignfull has-global-padding is-content-justification-center is-layout-constrained wp-container-core-group-is-layout-733701de wp-block-group-is-layout-constrained\" style=\"margin-top:0;margin-bottom:0;padding-top:var(--wp--preset--spacing--50);padding-right:var(--wp--preset--spacing--50);padding-bottom:var(--wp--preset--spacing--50);padding-left:var(--wp--preset--spacing--50)\">\n<h5 class=\"wp-block-heading has-text-align-center has-contrast-color has-text-color has-link-color wp-elements-87f5bae517150201bb71761cd8669499\">CONCORSO SOCIALLY CORRECT 2011<\/h5>\n\n\n\n<h2 class=\"wp-block-heading alignwide has-text-align-center\"><strong><strong><strong><strong>LA SOLIDARIET<strong>\u00c0<\/strong>, UN VALORE COLLETTIVO<\/strong><\/strong><\/strong><\/strong><\/h2>\n\n\n\n<div class=\"wp-block-columns alignwide are-vertically-aligned-top is-layout-flex wp-container-core-columns-is-layout-47c06fe3 wp-block-columns-is-layout-flex\">\n<div class=\"wp-block-column is-vertically-aligned-top is-layout-flow wp-block-column-is-layout-flow\" style=\"flex-basis:50%\">\n<p>La quarta edizione del concorso Socially Correct ha avuto come tema la solidariet\u00e0 in tutte le sue sfaccettature. Il concorso ha ricevuto il patrocinio del Ministero per il Lavoro e delle Politiche Sociali \u2013 Divisione Volontariato ed \u00e8 stato incluso tra i progetti Italiani dell\u2019Anno Europeo del Volontariato.<\/p>\n\n\n\n<p>L\u2019obiettivo della campagna era di coinvolgere e sensibilizzare le persone e spronarle a donare il proprio tempo, le proprie energie e i propri affetti per il bene del prossimo. Allo stesso tempo, la campagna doveva dare valore a tutte quelle persone che gi\u00e0 fanno della solidariet\u00e0 una scelta di vita. Un piccolo gesto non cambia il mondo, ma lo rende pi\u00f9 solidale.<\/p>\n\n\n\n<div class=\"wp-block-media-text is-stacked-on-mobile is-image-fill-element has-base-background-color has-background\"><figure class=\"wp-block-media-text__media\"><img loading=\"lazy\" decoding=\"async\" width=\"223\" height=\"334\" src=\"https:\/\/www.sociallycorrect.it\/website\/wp-content\/uploads\/2023\/12\/social2011_B_left.jpg\" alt=\"\" class=\"wp-image-260 size-full\" style=\"object-position:54% 100%\" srcset=\"https:\/\/www.sociallycorrect.it\/website\/wp-content\/uploads\/2023\/12\/social2011_B_left.jpg 223w, https:\/\/www.sociallycorrect.it\/website\/wp-content\/uploads\/2023\/12\/social2011_B_left-200x300.jpg 200w\" sizes=\"auto, (max-width: 223px) 100vw, 223px\" \/><\/figure><div class=\"wp-block-media-text__content\">\n<p class=\"has-small-font-size\"><strong>Riccardo Bellini<\/strong> &#8211; Copywriter<br><strong>Matteo Sozzi<\/strong> &#8211; Art Director <\/p>\n<\/div><\/div>\n\n\n\n<p>La campagna vincitrice \u00e8 stata creata dalla \u201ccoppia creativa\u201d Riccardo Bellini, Copywriter e Matteo Sozzi, Art Director, studenti dell\u2019Accademia delle Arti e Nuove Tecnologie, di Roma sotto la supervisione di Valerio Tozzi \u2013 Professore di Art Direction e Marketing.<\/p>\n\n\n\n<div class=\"wp-block-buttons is-layout-flex wp-block-buttons-is-layout-flex\">\n<div class=\"wp-block-button is-style-outline is-style-outline--1\"><a class=\"wp-block-button__link has-base-2-color has-custom-colore-1-background-color has-text-color has-background has-link-color wp-element-button\" href=\"https:\/\/www.sociallycorrect.it\/website\/eventi-socially-correct\/premiazione-iv-concorso\/\">PREMIAZIONE IV CONCORSO<\/a><\/div>\n<\/div>\n<\/div>\n\n\n\n<div class=\"wp-block-column is-vertically-aligned-top is-layout-flow wp-block-column-is-layout-flow\" style=\"flex-basis:50%\">\n<figure data-wp-context=\"{&quot;imageId&quot;:&quot;69f480c3ae4de&quot;}\" data-wp-interactive=\"core\/image\" data-wp-key=\"69f480c3ae4de\" class=\"wp-block-image alignright size-full is-resized is-style-rounded is-style-rounded--2 wp-lightbox-container\"><img loading=\"lazy\" decoding=\"async\" width=\"400\" height=\"578\" data-wp-class--hide=\"state.isContentHidden\" data-wp-class--show=\"state.isContentVisible\" data-wp-init=\"callbacks.setButtonStyles\" data-wp-on--click=\"actions.showLightbox\" data-wp-on--load=\"callbacks.setButtonStyles\" data-wp-on-window--resize=\"callbacks.setButtonStyles\" src=\"https:\/\/www.sociallycorrect.it\/website\/wp-content\/uploads\/2023\/12\/social2011_mid-1.jpg\" alt=\"\" class=\"wp-image-261\" style=\"width:565px;height:auto\" srcset=\"https:\/\/www.sociallycorrect.it\/website\/wp-content\/uploads\/2023\/12\/social2011_mid-1.jpg 400w, https:\/\/www.sociallycorrect.it\/website\/wp-content\/uploads\/2023\/12\/social2011_mid-1-208x300.jpg 208w\" sizes=\"auto, (max-width: 400px) 100vw, 400px\" \/><button\n\t\t\tclass=\"lightbox-trigger\"\n\t\t\ttype=\"button\"\n\t\t\taria-haspopup=\"dialog\"\n\t\t\taria-label=\"Ingrandisci\"\n\t\t\tdata-wp-init=\"callbacks.initTriggerButton\"\n\t\t\tdata-wp-on--click=\"actions.showLightbox\"\n\t\t\tdata-wp-style--right=\"state.imageButtonRight\"\n\t\t\tdata-wp-style--top=\"state.imageButtonTop\"\n\t\t>\n\t\t\t<svg xmlns=\"http:\/\/www.w3.org\/2000\/svg\" width=\"12\" height=\"12\" fill=\"none\" viewBox=\"0 0 12 12\">\n\t\t\t\t<path fill=\"#fff\" d=\"M2 0a2 2 0 0 0-2 2v2h1.5V2a.5.5 0 0 1 .5-.5h2V0H2Zm2 10.5H2a.5.5 0 0 1-.5-.5V8H0v2a2 2 0 0 0 2 2h2v-1.5ZM8 12v-1.5h2a.5.5 0 0 0 .5-.5V8H12v2a2 2 0 0 1-2 2H8Zm2-12a2 2 0 0 1 2 2v2h-1.5V2a.5.5 0 0 0-.5-.5H8V0h2Z\" \/>\n\t\t\t<\/svg>\n\t\t<\/button><\/figure>\n<\/div>\n<\/div>\n<\/div>\n","protected":false},"excerpt":{"rendered":"<p>CONCORSO SOCIALLY CORRECT 2011 LA SOLIDARIET\u00c0, UN VALORE COLLETTIVO La quarta edizione del concorso Socially Correct ha avuto come tema la solidariet\u00e0 in tutte le sue sfaccettature. Il concorso ha ricevuto il patrocinio del Ministero per il Lavoro e delle Politiche Sociali \u2013 Divisione Volontariato ed \u00e8 stato incluso tra i progetti Italiani dell\u2019Anno Europeo [&hellip;]<\/p>\n","protected":false},"author":1,"featured_media":0,"parent":143,"menu_order":0,"comment_status":"closed","ping_status":"closed","template":"","meta":{"footnotes":""},"class_list":["post-259","page","type-page","status-publish","hentry"],"_links":{"self":[{"href":"https:\/\/www.sociallycorrect.it\/website\/wp-json\/wp\/v2\/pages\/259","targetHints":{"allow":["GET"]}}],"collection":[{"href":"https:\/\/www.sociallycorrect.it\/website\/wp-json\/wp\/v2\/pages"}],"about":[{"href":"https:\/\/www.sociallycorrect.it\/website\/wp-json\/wp\/v2\/types\/page"}],"author":[{"embeddable":true,"href":"https:\/\/www.sociallycorrect.it\/website\/wp-json\/wp\/v2\/users\/1"}],"replies":[{"embeddable":true,"href":"https:\/\/www.sociallycorrect.it\/website\/wp-json\/wp\/v2\/comments?post=259"}],"version-history":[{"count":8,"href":"https:\/\/www.sociallycorrect.it\/website\/wp-json\/wp\/v2\/pages\/259\/revisions"}],"predecessor-version":[{"id":2073,"href":"https:\/\/www.sociallycorrect.it\/website\/wp-json\/wp\/v2\/pages\/259\/revisions\/2073"}],"up":[{"embeddable":true,"href":"https:\/\/www.sociallycorrect.it\/website\/wp-json\/wp\/v2\/pages\/143"}],"wp:attachment":[{"href":"https:\/\/www.sociallycorrect.it\/website\/wp-json\/wp\/v2\/media?parent=259"}],"curies":[{"name":"wp","href":"https:\/\/api.w.org\/{rel}","templated":true}]}}

<div class="wp-block-group alignfull has-global-padding is-content-justification-center is-layout-constrained wp-container-core-group-is-layout-733701de wp-block-group-is-layout-constrained" style="margin-top:0;margin-bottom:0;padding-top:var(--wp--preset--spacing--50);padding-right:var(--wp--preset--spacing--50);padding-bottom:var(--wp--preset--spacing--50);padding-left:var(--wp--preset--spacing--50)">
<h5 class="wp-block-heading has-text-align-center has-contrast-color has-text-color has-link-color wp-elements-87f5bae517150201bb71761cd8669499">CONCORSO SOCIALLY CORRECT 2011</h5>



<h2 class="wp-block-heading alignwide has-text-align-center"><strong><strong><strong><strong>LA SOLIDARIET<strong>À</strong>, UN VALORE COLLETTIVO</strong></strong></strong></strong></h2>



<div class="wp-block-columns alignwide are-vertically-aligned-top is-layout-flex wp-container-core-columns-is-layout-47c06fe3 wp-block-columns-is-layout-flex">
<div class="wp-block-column is-vertically-aligned-top is-layout-flow wp-block-column-is-layout-flow" style="flex-basis:50%">
<p>La quarta edizione del concorso Socially Correct ha avuto come tema la solidarietà in tutte le sue sfaccettature. Il concorso ha ricevuto il patrocinio del Ministero per il Lavoro e delle Politiche Sociali – Divisione Volontariato ed è stato incluso tra i progetti Italiani dell’Anno Europeo del Volontariato.</p>



<p>L’obiettivo della campagna era di coinvolgere e sensibilizzare le persone e spronarle a donare il proprio tempo, le proprie energie e i propri affetti per il bene del prossimo. Allo stesso tempo, la campagna doveva dare valore a tutte quelle persone che già fanno della solidarietà una scelta di vita. Un piccolo gesto non cambia il mondo, ma lo rende più solidale.</p>



<div class="wp-block-media-text is-stacked-on-mobile is-image-fill-element has-base-background-color has-background"><figure class="wp-block-media-text__media"><img loading="lazy" decoding="async" width="223" height="334" src="https://www.sociallycorrect.it/website/wp-content/uploads/2023/12/social2011_B_left.jpg" alt="" class="wp-image-260 size-full" style="object-position:54% 100%" srcset="https://www.sociallycorrect.it/website/wp-content/uploads/2023/12/social2011_B_left.jpg 223w, https://www.sociallycorrect.it/website/wp-content/uploads/2023/12/social2011_B_left-200x300.jpg 200w" sizes="auto, (max-width: 223px) 100vw, 223px" /></figure><div class="wp-block-media-text__content">
<p class="has-small-font-size"><strong>Riccardo Bellini</strong> &#8211; Copywriter<br><strong>Matteo Sozzi</strong> &#8211; Art Director </p>
</div></div>



<p>La campagna vincitrice è stata creata dalla “coppia creativa” Riccardo Bellini, Copywriter e Matteo Sozzi, Art Director, studenti dell’Accademia delle Arti e Nuove Tecnologie, di Roma sotto la supervisione di Valerio Tozzi – Professore di Art Direction e Marketing.</p>



<div class="wp-block-buttons is-layout-flex wp-block-buttons-is-layout-flex">
<div class="wp-block-button is-style-outline is-style-outline--1"><a class="wp-block-button__link has-base-2-color has-custom-colore-1-background-color has-text-color has-background has-link-color wp-element-button" href="https://www.sociallycorrect.it/website/eventi-socially-correct/premiazione-iv-concorso/">PREMIAZIONE IV CONCORSO</a></div>
</div>
</div>



<div class="wp-block-column is-vertically-aligned-top is-layout-flow wp-block-column-is-layout-flow" style="flex-basis:50%">
<figure data-wp-context="{&quot;imageId&quot;:&quot;69f480c3ae4de&quot;}" data-wp-interactive="core/image" data-wp-key="69f480c3ae4de" class="wp-block-image alignright size-full is-resized is-style-rounded is-style-rounded--2 wp-lightbox-container"><img loading="lazy" decoding="async" width="400" height="578" data-wp-class--hide="state.isContentHidden" data-wp-class--show="state.isContentVisible" data-wp-init="callbacks.setButtonStyles" data-wp-on--click="actions.showLightbox" data-wp-on--load="callbacks.setButtonStyles" data-wp-on-window--resize="callbacks.setButtonStyles" src="https://www.sociallycorrect.it/website/wp-content/uploads/2023/12/social2011_mid-1.jpg" alt="" class="wp-image-261" style="width:565px;height:auto" srcset="https://www.sociallycorrect.it/website/wp-content/uploads/2023/12/social2011_mid-1.jpg 400w, https://www.sociallycorrect.it/website/wp-content/uploads/2023/12/social2011_mid-1-208x300.jpg 208w" sizes="auto, (max-width: 400px) 100vw, 400px" /><button
			class="lightbox-trigger"
			type="button"
			aria-haspopup="dialog"
			aria-label="Ingrandisci"
			data-wp-init="callbacks.initTriggerButton"
			data-wp-on--click="actions.showLightbox"
			data-wp-style--right="state.imageButtonRight"
			data-wp-style--top="state.imageButtonTop"
		>
			<svg xmlns="http://www.w3.org/2000/svg" width="12" height="12" fill="none" viewBox="0 0 12 12">
				<path fill="#fff" d="M2 0a2 2 0 0 0-2 2v2h1.5V2a.5.5 0 0 1 .5-.5h2V0H2Zm2 10.5H2a.5.5 0 0 1-.5-.5V8H0v2a2 2 0 0 0 2 2h2v-1.5ZM8 12v-1.5h2a.5.5 0 0 0 .5-.5V8H12v2a2 2 0 0 1-2 2H8Zm2-12a2 2 0 0 1 2 2v2h-1.5V2a.5.5 0 0 0-.5-.5H8V0h2Z" />
			</svg>
		</button></figure>
</div>
</div>
</div>

<p>CONCORSO SOCIALLY CORRECT 2011 LA SOLIDARIETÀ, UN VALORE COLLETTIVO La quarta edizione del concorso Socially Correct ha avuto come tema la solidarietà in tutte le sue sfaccettature. Il concorso ha ricevuto il patrocinio del Ministero per il Lavoro e delle Politiche Sociali – Divisione Volontariato ed è stato incluso tra i progetti Italiani dell’Anno Europeo [&hellip;]</p>
