{"id":271,"date":"2023-12-03T18:16:53","date_gmt":"2023-12-03T18:16:53","guid":{"rendered":"https:\/\/www.sociallycorrect.it\/website\/?page_id=271"},"modified":"2024-02-12T07:36:37","modified_gmt":"2024-02-12T07:36:37","slug":"concorso-socially-correct-2008","status":"publish","type":"page","link":"https:\/\/www.sociallycorrect.it\/website\/concorso-socially-correct\/concorso-socially-correct-2008\/","title":{"rendered":"Concorso Socially Correct 2008"},"content":{"rendered":"\n<div class=\"wp-block-group alignfull has-global-padding is-content-justification-center is-layout-constrained wp-container-core-group-is-layout-733701de wp-block-group-is-layout-constrained\" style=\"margin-top:0;margin-bottom:0;padding-top:var(--wp--preset--spacing--50);padding-right:var(--wp--preset--spacing--50);padding-bottom:var(--wp--preset--spacing--50);padding-left:var(--wp--preset--spacing--50)\">\n<h5 class=\"wp-block-heading has-text-align-center has-contrast-color has-text-color has-link-color wp-elements-35b8e32c990ffc9aa0657a17cffa17cf\">CONCORSO SOCIALLY CORRECT 2008<\/h5>\n\n\n\n<h2 class=\"wp-block-heading alignwide has-text-align-center\"><strong><strong><strong><strong>PAESAGGI ITALIANI: UNA QUESTIONE DI RISPETTO<\/strong><\/strong><\/strong><\/strong><\/h2>\n\n\n\n<div style=\"height:16px\" aria-hidden=\"true\" class=\"wp-block-spacer\"><\/div>\n\n\n\n<div class=\"wp-block-columns alignwide is-layout-flex wp-container-core-columns-is-layout-47c06fe3 wp-block-columns-is-layout-flex\">\n<div class=\"wp-block-column is-vertically-aligned-top is-layout-flow wp-block-column-is-layout-flow\" style=\"flex-basis:50%\">\n<p>Il Concorso dal tema \u201cPaesaggi italiani: una questione di rispetto\u201d \u00e8 stato lanciato il 18 settembre 2007 in ricordo dell\u2019amministratore delegato della Saatchi &amp; Saatchi Paolo Ettorre. L\u2019obiettivo \u00e8 duplice: creare una campagna di sensibilizzazione verso i cittadini per un maggiore rispetto del nostro territorio denunciando gli abusi edilizi e la \u201ccementificazione incontrollata\u201d, ma anche premiare l\u2019eccellenza creativa italiana, individuando giovani talenti sensibili alle tematiche sociali.<br>Una commissione composta dalla DARC \u2013 Direzione generale per l\u2019architettura e l\u2019arte contemporanee del Ministero per i Beni e le Attivit\u00e0 culturali e dalla Direzione creativa della Saatchi &amp; Saatchi ha scelto la coppia creativa vincitrice del Concorso Socially Correct.<\/p>\n\n\n\n<p>Tra le numerose proposte creative pervenute da tutte le scuole e Universit\u00e0 italiane che si occupano di comunicazione, \u00e8 stato scelto il lavoro creativo di due giovani studenti dell\u2019Universit\u00e0 di Milano iscritti alla Facolt\u00e0 di Scienze Umanistiche per la Comunicazione: sono Jacopo Col\u00f2 \u2013 art director e Mirko Cetrangolo \u2013 copywriter con la supervisione del Prof. Andrea Pinotti. I due giovani hanno vinto uno stage di formazione di sei mesi presso il reparto creativo della Saatchi &amp; Saatchi.<\/p>\n\n\n\n<p>Una cosa \u00e8 certa: a Paolo Ettorre questa campagna sarebbe piaciuta davvero, per la sua capacit\u00e0 di sintetizzare senza drammatizzare un fenomeno sociale cos\u00ec grave. La proposta di Col\u00f2 e Cetrangolo infatti parte dal presupposto che nel nostro paese ormai l\u2019abuso edilizio \u00e8 un\u2019attivit\u00e0 \u201cfacile come un gioco\u201d; la metafora visiva e concettuale di cui si sono serviti \u00e8 proprio il gioco Monopoli, dove si \u00e8 pronto a tutto pur di vincere e diventare il pi\u00f9 ricco.<\/p>\n\n\n\n<div class=\"wp-block-media-text is-stacked-on-mobile is-image-fill has-small-font-size\" style=\"grid-template-columns:45% auto\"><figure class=\"wp-block-media-text__media\" style=\"background-image:url(https:\/\/www.sociallycorrect.it\/website\/wp-content\/uploads\/2023\/12\/th_2804203ebf98a48bb8dd709662f9b24d_1261474402vincitori_2008-1.jpg);background-position:51% 18%\"><img loading=\"lazy\" decoding=\"async\" width=\"237\" height=\"319\" src=\"https:\/\/www.sociallycorrect.it\/website\/wp-content\/uploads\/2023\/12\/th_2804203ebf98a48bb8dd709662f9b24d_1261474402vincitori_2008-1.jpg\" alt=\"\" class=\"wp-image-273 size-full\" srcset=\"https:\/\/www.sociallycorrect.it\/website\/wp-content\/uploads\/2023\/12\/th_2804203ebf98a48bb8dd709662f9b24d_1261474402vincitori_2008-1.jpg 237w, https:\/\/www.sociallycorrect.it\/website\/wp-content\/uploads\/2023\/12\/th_2804203ebf98a48bb8dd709662f9b24d_1261474402vincitori_2008-1-223x300.jpg 223w\" sizes=\"auto, (max-width: 237px) 100vw, 237px\" \/><\/figure><div class=\"wp-block-media-text__content\">\n<p class=\"has-body-font-family has-small-font-size\"><strong>Jacopo Col\u00f2<\/strong> \u2013 Art Director <br><strong>Mirko Cetrangolo <\/strong>\u2013 Copywriter<\/p>\n<\/div><\/div>\n\n\n\n<p>Lo spot televisivo ritrae alcuni paesaggi immacolati del nostro paese, dove a sorpresa compare con violenza una mano che posiziona delle enormi costruzioni aberranti, tanto da distruggere tutto l\u2019ambiente circostante. Alla fine si svela che questi palazzi non sono altro che le costruzioni del gioco del Monopoli, manovrate da due ragazzi che si sfidano a Monopoli. La headline della campagna \u00e8 \u201cAbuso edilizio. Un gioco in cui perdiamo tutti\u201d. La pagina stampa invece ritrae la forma della nostra penisola invasa da numerosi palazzi. La campagna ha anche una declinazione radio e internet.<\/p>\n\n\n\n<p>Il progetto ha il patrocinio del Dipartimento per l\u2019informazione e l\u2019editoria della Presidenza del Consiglio dei Ministri, il Ministero delle Comunicazioni e il Ministero delle Politiche giovanili e delle attivit\u00e0 sportive.<\/p>\n\n\n\n<div class=\"wp-block-buttons is-layout-flex wp-block-buttons-is-layout-flex\">\n<div class=\"wp-block-button is-style-outline is-style-outline--1\"><a class=\"wp-block-button__link has-base-2-color has-custom-colore-1-background-color has-text-color has-background has-link-color wp-element-button\" href=\"https:\/\/www.sociallycorrect.it\/website\/eventi-socially-correct\/premiazione-i-concorso\/\">PREMIAZIONE I CONCORSO<\/a><\/div>\n<\/div>\n<\/div>\n\n\n\n<div class=\"wp-block-column is-vertically-aligned-center is-layout-flow wp-block-column-is-layout-flow\" style=\"flex-basis:50%\">\n<div class=\"wp-block-cover\" style=\"min-height:100vh;aspect-ratio:unset;\"><span aria-hidden=\"true\" class=\"wp-block-cover__background has-background-dim\"><\/span><img loading=\"lazy\" decoding=\"async\" width=\"400\" height=\"566\" class=\"wp-block-cover__image-background wp-image-272\" alt=\"\" src=\"https:\/\/www.sociallycorrect.it\/website\/wp-content\/uploads\/2023\/12\/campagna_mattoncini1.jpg\" data-object-fit=\"cover\" srcset=\"https:\/\/www.sociallycorrect.it\/website\/wp-content\/uploads\/2023\/12\/campagna_mattoncini1.jpg 400w, https:\/\/www.sociallycorrect.it\/website\/wp-content\/uploads\/2023\/12\/campagna_mattoncini1-212x300.jpg 212w\" sizes=\"auto, (max-width: 400px) 100vw, 400px\" \/><div class=\"wp-block-cover__inner-container has-global-padding is-layout-constrained wp-block-cover-is-layout-constrained\">\n<p class=\"has-text-align-center has-large-font-size\"><\/p>\n<\/div><\/div>\n<\/div>\n<\/div>\n\n\n\n<blockquote class=\"wp-block-quote is-style-default is-layout-flow wp-block-quote-is-layout-flow\">\n<p><strong>Mirko e Jacopo, i vincitori di Socially Correct 2008<\/strong><\/p>\n\n\n\n<p class=\"has-medium-font-size\">Su un muro della sede milanese della Saatchi &amp; Saatchi, in alto e un po\u2019 nascosto, c\u2019\u00e8 un messaggio che incarna perfettamente lo spirito di questo concorso:<\/p>\n\n\n\n<p class=\"has-medium-font-size\">Staage &amp; Staage.<br>Ideas can come from anyone.<\/p>\n\n\n\n<p class=\"has-medium-font-size\">Lo abbiamo notato il primo giorno, quando l\u2019entusiasmo era accompagnato da una grande confusione, la soddisfazione dallo smarrimento. E subito ci siamo sentiti a casa.<\/p>\n\n\n\n<p class=\"has-medium-font-size\">Avevamo scommesso molto sulla nostra idea, nata da intense discussioni in qualche aula universitaria, ore rubate al tempo libero, sogni di vita.<br>Quella scommessa, incredibilmente, l\u2019abbiamo vinta e in cambio abbiamo avuto il bene pi\u00f9 prezioso: l\u2019esperienza.<\/p>\n\n\n\n<p class=\"has-medium-font-size\">I sei mesi che abbiamo trascorso lavorando gomito a gomito con grandi professionisti sono stati duri e straordinari, pieni di fatica e passione. Abbiamo provato, sbagliato, corretto e imparato. Abbiamo conosciuto persone che oggi possiamo chiamare amici e abbiamo vissuto una grande esperienza nel mondo che sognavamo, entrando direttamente dal portone principale.<\/p>\n\n\n\n<p class=\"has-medium-font-size\">Le nostre strade, poi, si sono divise: Mirko ha continuato a svegliarsi presto tutte le mattine per andare in agenzia, Jacopo ha preferito ritornare alle sudate carte e finire gli studi con tranquillit\u00e0. Ma entrambi pensiamo che questo concorso sia una grandissima occasione per chi ha voglia di sporcarsi le mani con i ferri del mestiere, mettendosi alla prova in un\u2019agenzia capace di fermarsi e ascoltare la voce di tanti ragazzi che vogliono dire la loro: un segnale importante in un Paese dove tutti urlano a gran voce e nessuno presta orecchio.<\/p>\n\n\n\n<p class=\"has-medium-font-size\">Se dovessimo elencare i nomi di tutti coloro che si meritano un nostro grazie, non finiremmo pi\u00f9. Per questo motivo ci limitiamo a pochi nomi, solo quattro: Annette, Andrea, Francesca, Lorenzo. La famiglia Ettorre, che ha reso possibile tutto questo, regalando a due studenti un\u2019opportunit\u00e0 unica e indimenticabile nel ricordo di una persona che nella sua vita ha fatto tanto e non smette nemmeno oggi che non c\u2019\u00e8 pi\u00f9.<\/p>\n\n\n\n<p class=\"has-medium-font-size\">Mirko Cetrangolo<br>Jacopo Col\u00f2<\/p>\n<\/blockquote>\n<\/div>\n","protected":false},"excerpt":{"rendered":"<p>CONCORSO SOCIALLY CORRECT 2008 PAESAGGI ITALIANI: UNA QUESTIONE DI RISPETTO Il Concorso dal tema \u201cPaesaggi italiani: una questione di rispetto\u201d \u00e8 stato lanciato il 18 settembre 2007 in ricordo dell\u2019amministratore delegato della Saatchi &amp; Saatchi Paolo Ettorre. L\u2019obiettivo \u00e8 duplice: creare una campagna di sensibilizzazione verso i cittadini per un maggiore rispetto del nostro territorio [&hellip;]<\/p>\n","protected":false},"author":1,"featured_media":0,"parent":143,"menu_order":0,"comment_status":"closed","ping_status":"closed","template":"","meta":{"footnotes":""},"class_list":["post-271","page","type-page","status-publish","hentry"],"_links":{"self":[{"href":"https:\/\/www.sociallycorrect.it\/website\/wp-json\/wp\/v2\/pages\/271","targetHints":{"allow":["GET"]}}],"collection":[{"href":"https:\/\/www.sociallycorrect.it\/website\/wp-json\/wp\/v2\/pages"}],"about":[{"href":"https:\/\/www.sociallycorrect.it\/website\/wp-json\/wp\/v2\/types\/page"}],"author":[{"embeddable":true,"href":"https:\/\/www.sociallycorrect.it\/website\/wp-json\/wp\/v2\/users\/1"}],"replies":[{"embeddable":true,"href":"https:\/\/www.sociallycorrect.it\/website\/wp-json\/wp\/v2\/comments?post=271"}],"version-history":[{"count":11,"href":"https:\/\/www.sociallycorrect.it\/website\/wp-json\/wp\/v2\/pages\/271\/revisions"}],"predecessor-version":[{"id":1654,"href":"https:\/\/www.sociallycorrect.it\/website\/wp-json\/wp\/v2\/pages\/271\/revisions\/1654"}],"up":[{"embeddable":true,"href":"https:\/\/www.sociallycorrect.it\/website\/wp-json\/wp\/v2\/pages\/143"}],"wp:attachment":[{"href":"https:\/\/www.sociallycorrect.it\/website\/wp-json\/wp\/v2\/media?parent=271"}],"curies":[{"name":"wp","href":"https:\/\/api.w.org\/{rel}","templated":true}]}}

<div class="wp-block-group alignfull has-global-padding is-content-justification-center is-layout-constrained wp-container-core-group-is-layout-733701de wp-block-group-is-layout-constrained" style="margin-top:0;margin-bottom:0;padding-top:var(--wp--preset--spacing--50);padding-right:var(--wp--preset--spacing--50);padding-bottom:var(--wp--preset--spacing--50);padding-left:var(--wp--preset--spacing--50)">
<h5 class="wp-block-heading has-text-align-center has-contrast-color has-text-color has-link-color wp-elements-35b8e32c990ffc9aa0657a17cffa17cf">CONCORSO SOCIALLY CORRECT 2008</h5>



<h2 class="wp-block-heading alignwide has-text-align-center"><strong><strong><strong><strong>PAESAGGI ITALIANI: UNA QUESTIONE DI RISPETTO</strong></strong></strong></strong></h2>



<div style="height:16px" aria-hidden="true" class="wp-block-spacer"></div>



<div class="wp-block-columns alignwide is-layout-flex wp-container-core-columns-is-layout-47c06fe3 wp-block-columns-is-layout-flex">
<div class="wp-block-column is-vertically-aligned-top is-layout-flow wp-block-column-is-layout-flow" style="flex-basis:50%">
<p>Il Concorso dal tema “Paesaggi italiani: una questione di rispetto” è stato lanciato il 18 settembre 2007 in ricordo dell’amministratore delegato della Saatchi &amp; Saatchi Paolo Ettorre. L’obiettivo è duplice: creare una campagna di sensibilizzazione verso i cittadini per un maggiore rispetto del nostro territorio denunciando gli abusi edilizi e la “cementificazione incontrollata”, ma anche premiare l’eccellenza creativa italiana, individuando giovani talenti sensibili alle tematiche sociali.<br>Una commissione composta dalla DARC – Direzione generale per l’architettura e l’arte contemporanee del Ministero per i Beni e le Attività culturali e dalla Direzione creativa della Saatchi &amp; Saatchi ha scelto la coppia creativa vincitrice del Concorso Socially Correct.</p>



<p>Tra le numerose proposte creative pervenute da tutte le scuole e Università italiane che si occupano di comunicazione, è stato scelto il lavoro creativo di due giovani studenti dell’Università di Milano iscritti alla Facoltà di Scienze Umanistiche per la Comunicazione: sono Jacopo Colò – art director e Mirko Cetrangolo – copywriter con la supervisione del Prof. Andrea Pinotti. I due giovani hanno vinto uno stage di formazione di sei mesi presso il reparto creativo della Saatchi &amp; Saatchi.</p>



<p>Una cosa è certa: a Paolo Ettorre questa campagna sarebbe piaciuta davvero, per la sua capacità di sintetizzare senza drammatizzare un fenomeno sociale così grave. La proposta di Colò e Cetrangolo infatti parte dal presupposto che nel nostro paese ormai l’abuso edilizio è un’attività “facile come un gioco”; la metafora visiva e concettuale di cui si sono serviti è proprio il gioco Monopoli, dove si è pronto a tutto pur di vincere e diventare il più ricco.</p>



<div class="wp-block-media-text is-stacked-on-mobile is-image-fill has-small-font-size" style="grid-template-columns:45% auto"><figure class="wp-block-media-text__media" style="background-image:url(https://www.sociallycorrect.it/website/wp-content/uploads/2023/12/th_2804203ebf98a48bb8dd709662f9b24d_1261474402vincitori_2008-1.jpg);background-position:51% 18%"><img loading="lazy" decoding="async" width="237" height="319" src="https://www.sociallycorrect.it/website/wp-content/uploads/2023/12/th_2804203ebf98a48bb8dd709662f9b24d_1261474402vincitori_2008-1.jpg" alt="" class="wp-image-273 size-full" srcset="https://www.sociallycorrect.it/website/wp-content/uploads/2023/12/th_2804203ebf98a48bb8dd709662f9b24d_1261474402vincitori_2008-1.jpg 237w, https://www.sociallycorrect.it/website/wp-content/uploads/2023/12/th_2804203ebf98a48bb8dd709662f9b24d_1261474402vincitori_2008-1-223x300.jpg 223w" sizes="auto, (max-width: 237px) 100vw, 237px" /></figure><div class="wp-block-media-text__content">
<p class="has-body-font-family has-small-font-size"><strong>Jacopo Colò</strong> – Art Director <br><strong>Mirko Cetrangolo </strong>– Copywriter</p>
</div></div>



<p>Lo spot televisivo ritrae alcuni paesaggi immacolati del nostro paese, dove a sorpresa compare con violenza una mano che posiziona delle enormi costruzioni aberranti, tanto da distruggere tutto l’ambiente circostante. Alla fine si svela che questi palazzi non sono altro che le costruzioni del gioco del Monopoli, manovrate da due ragazzi che si sfidano a Monopoli. La headline della campagna è “Abuso edilizio. Un gioco in cui perdiamo tutti”. La pagina stampa invece ritrae la forma della nostra penisola invasa da numerosi palazzi. La campagna ha anche una declinazione radio e internet.</p>



<p>Il progetto ha il patrocinio del Dipartimento per l’informazione e l’editoria della Presidenza del Consiglio dei Ministri, il Ministero delle Comunicazioni e il Ministero delle Politiche giovanili e delle attività sportive.</p>



<div class="wp-block-buttons is-layout-flex wp-block-buttons-is-layout-flex">
<div class="wp-block-button is-style-outline is-style-outline--1"><a class="wp-block-button__link has-base-2-color has-custom-colore-1-background-color has-text-color has-background has-link-color wp-element-button" href="https://www.sociallycorrect.it/website/eventi-socially-correct/premiazione-i-concorso/">PREMIAZIONE I CONCORSO</a></div>
</div>
</div>



<div class="wp-block-column is-vertically-aligned-center is-layout-flow wp-block-column-is-layout-flow" style="flex-basis:50%">
<div class="wp-block-cover" style="min-height:100vh;aspect-ratio:unset;"><span aria-hidden="true" class="wp-block-cover__background has-background-dim"></span><img loading="lazy" decoding="async" width="400" height="566" class="wp-block-cover__image-background wp-image-272" alt="" src="https://www.sociallycorrect.it/website/wp-content/uploads/2023/12/campagna_mattoncini1.jpg" data-object-fit="cover" srcset="https://www.sociallycorrect.it/website/wp-content/uploads/2023/12/campagna_mattoncini1.jpg 400w, https://www.sociallycorrect.it/website/wp-content/uploads/2023/12/campagna_mattoncini1-212x300.jpg 212w" sizes="auto, (max-width: 400px) 100vw, 400px" /><div class="wp-block-cover__inner-container has-global-padding is-layout-constrained wp-block-cover-is-layout-constrained">
<p class="has-text-align-center has-large-font-size"></p>
</div></div>
</div>
</div>



<blockquote class="wp-block-quote is-style-default is-layout-flow wp-block-quote-is-layout-flow">
<p><strong>Mirko e Jacopo, i vincitori di Socially Correct 2008</strong></p>



<p class="has-medium-font-size">Su un muro della sede milanese della Saatchi &amp; Saatchi, in alto e un po’ nascosto, c’è un messaggio che incarna perfettamente lo spirito di questo concorso:</p>



<p class="has-medium-font-size">Staage &amp; Staage.<br>Ideas can come from anyone.</p>



<p class="has-medium-font-size">Lo abbiamo notato il primo giorno, quando l’entusiasmo era accompagnato da una grande confusione, la soddisfazione dallo smarrimento. E subito ci siamo sentiti a casa.</p>



<p class="has-medium-font-size">Avevamo scommesso molto sulla nostra idea, nata da intense discussioni in qualche aula universitaria, ore rubate al tempo libero, sogni di vita.<br>Quella scommessa, incredibilmente, l’abbiamo vinta e in cambio abbiamo avuto il bene più prezioso: l’esperienza.</p>



<p class="has-medium-font-size">I sei mesi che abbiamo trascorso lavorando gomito a gomito con grandi professionisti sono stati duri e straordinari, pieni di fatica e passione. Abbiamo provato, sbagliato, corretto e imparato. Abbiamo conosciuto persone che oggi possiamo chiamare amici e abbiamo vissuto una grande esperienza nel mondo che sognavamo, entrando direttamente dal portone principale.</p>



<p class="has-medium-font-size">Le nostre strade, poi, si sono divise: Mirko ha continuato a svegliarsi presto tutte le mattine per andare in agenzia, Jacopo ha preferito ritornare alle sudate carte e finire gli studi con tranquillità. Ma entrambi pensiamo che questo concorso sia una grandissima occasione per chi ha voglia di sporcarsi le mani con i ferri del mestiere, mettendosi alla prova in un’agenzia capace di fermarsi e ascoltare la voce di tanti ragazzi che vogliono dire la loro: un segnale importante in un Paese dove tutti urlano a gran voce e nessuno presta orecchio.</p>



<p class="has-medium-font-size">Se dovessimo elencare i nomi di tutti coloro che si meritano un nostro grazie, non finiremmo più. Per questo motivo ci limitiamo a pochi nomi, solo quattro: Annette, Andrea, Francesca, Lorenzo. La famiglia Ettorre, che ha reso possibile tutto questo, regalando a due studenti un’opportunità unica e indimenticabile nel ricordo di una persona che nella sua vita ha fatto tanto e non smette nemmeno oggi che non c’è più.</p>



<p class="has-medium-font-size">Mirko Cetrangolo<br>Jacopo Colò</p>
</blockquote>
</div>

<p>CONCORSO SOCIALLY CORRECT 2008 PAESAGGI ITALIANI: UNA QUESTIONE DI RISPETTO Il Concorso dal tema “Paesaggi italiani: una questione di rispetto” è stato lanciato il 18 settembre 2007 in ricordo dell’amministratore delegato della Saatchi &amp; Saatchi Paolo Ettorre. L’obiettivo è duplice: creare una campagna di sensibilizzazione verso i cittadini per un maggiore rispetto del nostro territorio [&hellip;]</p>
