{"id":925,"date":"2024-02-03T16:51:01","date_gmt":"2024-02-03T16:51:01","guid":{"rendered":"https:\/\/www.sociallycorrect.it\/website\/?page_id=925"},"modified":"2024-12-01T10:30:22","modified_gmt":"2024-12-01T10:30:22","slug":"concorso-socially-correct-2023","status":"publish","type":"page","link":"https:\/\/www.sociallycorrect.it\/website\/concorso-socially-correct\/concorso-socially-correct-2023\/","title":{"rendered":"Concorso Socially Correct 2023"},"content":{"rendered":"\n<div class=\"wp-block-group alignfull has-global-padding is-content-justification-center is-layout-constrained wp-container-core-group-is-layout-733701de wp-block-group-is-layout-constrained\" style=\"margin-top:0;margin-bottom:0;padding-top:var(--wp--preset--spacing--50);padding-right:var(--wp--preset--spacing--50);padding-bottom:var(--wp--preset--spacing--50);padding-left:var(--wp--preset--spacing--50)\">\n<h5 class=\"wp-block-heading has-text-align-center has-contrast-color has-text-color has-link-color wp-elements-8d13375dd2554cf7f9270c72b305a464\">CONCORSO SOCIALLY CORRECT 2023<\/h5>\n\n\n\n<h2 class=\"wp-block-heading alignwide has-text-align-center\"><strong><strong><strong><strong>\u201cSTOP AL CYBERBULLISMO<\/strong><\/strong><\/strong><\/strong><br><strong><strong><strong><strong>INSIEME SI PU\u00d2\u201d<\/strong><\/strong><\/strong><\/strong><\/h2>\n\n\n\n<div class=\"wp-block-columns alignwide are-vertically-aligned-top is-layout-flex wp-container-core-columns-is-layout-47c06fe3 wp-block-columns-is-layout-flex\">\n<div class=\"wp-block-column is-vertically-aligned-top is-layout-flow wp-block-column-is-layout-flow\" style=\"flex-basis:50%\">\n<p>L\u2019Associazione ha collaborato con l\u2019Istituto Superiore di Sanit\u00e0 (ISS) per la 15\u1d43 edizione del concorso, per realizzare una campagna contro il cyberbullismo. Il fenomeno \u00e8 allarmante in quanto si sta diffondendo ormai anche tra i preadolescenti che sono in possesso dei strumenti onnipotenti senza avere la capacit\u00e0 di gestirli correttamente.<\/p>\n\n\n\n<p>Possono essere inconsapevoli del danno reale che si provoca, perch\u00e9 non c\u2019\u00e8 maturit\u00e0 percettiva e si passa facilmente da un post innocente a qualcosa di strumentalizzabile e di dimensioni incontrollabili. In molte giovani vittime, queste aggressioni, senza limiti di tempo e spazio, provocano dei disagi che possono evolversi in gesti disperati.<\/p>\n\n\n\n<p>L\u2019obiettivo del concorso era la realizzazione di una campagna di sensibilizzazione rivolta a tutte le persone direttamente coinvolte dal fenomeno, per innescare un cambiamento profondo negli atteggiamenti e nella consapevolezza delle persone rispetto alla gravit\u00e0 del cyberbullismo e di come ciascuno di noi possa contribuire a fermarlo, nonch\u00e9 scardinare l\u2019indifferenza legata alla percezione di non essere in grado o di non avere le &#8216;armi&#8217; per combatterlo.<\/p>\n\n\n\n<p>L\u2019idea creativa della campagna vincitrice intitolata \u201cNon \u00e8 mai una sola parola. Quello che nasce sul web pu\u00f2 ferire nella realt\u00e0\u201d, realizzata da Francesca dello Iacono &#8211; Art Director e Simona Mauro &#8211; Copywriter, studenti dell\u2019ILAS &#8211; Accademia Italiana di Comunicazione, Napoli, sotto la guida dei loro tutor, Piero Fittopaldi e Gianluca Tramontano, si basa sul fatto che ogni anno 1 adolescente su 6 \u00e8 vittima di cyberbullismo e subisce offese che gli lasciano un segno per tutta la vita.<br>La loro campagna invita a dosare le parole perch\u00e9 il cyberbullismo riguarda tutti noi e insieme possiamo combatterlo su <a href=\"https:\/\/dipendenzainternet.iss.it\/\">dipendenzainternet.iss.it<\/a>.<\/p>\n\n\n\n<div class=\"wp-block-media-text is-stacked-on-mobile is-image-fill-element\" style=\"grid-template-columns:46% auto\"><figure class=\"wp-block-media-text__media\"><img loading=\"lazy\" decoding=\"async\" width=\"1024\" height=\"746\" src=\"https:\/\/www.sociallycorrect.it\/website\/wp-content\/uploads\/2024\/02\/sc2023-1024x746.jpg\" alt=\"\" class=\"wp-image-928 size-full\" style=\"object-position:50% 50%\" srcset=\"https:\/\/www.sociallycorrect.it\/website\/wp-content\/uploads\/2024\/02\/sc2023-1024x746.jpg 1024w, https:\/\/www.sociallycorrect.it\/website\/wp-content\/uploads\/2024\/02\/sc2023-300x218.jpg 300w, https:\/\/www.sociallycorrect.it\/website\/wp-content\/uploads\/2024\/02\/sc2023-768x559.jpg 768w, https:\/\/www.sociallycorrect.it\/website\/wp-content\/uploads\/2024\/02\/sc2023.jpg 1280w\" sizes=\"auto, (max-width: 1024px) 100vw, 1024px\" \/><\/figure><div class=\"wp-block-media-text__content\">\n<p><strong>Francesca dello Iacono<\/strong>, Art Director<br><strong>Simona Mauro<\/strong>, Copywriter<\/p>\n<\/div><\/div>\n\n\n\n<div class=\"wp-block-buttons is-layout-flex wp-block-buttons-is-layout-flex\">\n<div class=\"wp-block-button\"><a class=\"wp-block-button__link has-custom-colore-1-background-color has-background wp-element-button\" href=\"https:\/\/www.sociallycorrect.it\/website\/premiazione-xv-concorso\/\">PREMIAZIONE XV CONCORSO<\/a><\/div>\n<\/div>\n<\/div>\n\n\n\n<div class=\"wp-block-column is-vertically-aligned-top is-layout-flow wp-block-column-is-layout-flow\" style=\"flex-basis:50%\">\n<figure data-wp-context=\"{&quot;imageId&quot;:&quot;69f494fae11bc&quot;}\" data-wp-interactive=\"core\/image\" data-wp-key=\"69f494fae11bc\" class=\"wp-block-image alignright size-full is-resized is-style-rounded is-style-rounded--1 wp-lightbox-container\"><img loading=\"lazy\" decoding=\"async\" width=\"869\" height=\"1056\" data-wp-class--hide=\"state.isContentHidden\" data-wp-class--show=\"state.isContentVisible\" data-wp-init=\"callbacks.setButtonStyles\" data-wp-on--click=\"actions.showLightbox\" data-wp-on--load=\"callbacks.setButtonStyles\" data-wp-on-window--resize=\"callbacks.setButtonStyles\" src=\"https:\/\/www.sociallycorrect.it\/website\/wp-content\/uploads\/2024\/02\/SOCIALLYCORRECT_02023.jpg\" alt=\"\" class=\"wp-image-927\" style=\"width:565px;height:auto\" srcset=\"https:\/\/www.sociallycorrect.it\/website\/wp-content\/uploads\/2024\/02\/SOCIALLYCORRECT_02023.jpg 869w, https:\/\/www.sociallycorrect.it\/website\/wp-content\/uploads\/2024\/02\/SOCIALLYCORRECT_02023-247x300.jpg 247w, https:\/\/www.sociallycorrect.it\/website\/wp-content\/uploads\/2024\/02\/SOCIALLYCORRECT_02023-843x1024.jpg 843w, https:\/\/www.sociallycorrect.it\/website\/wp-content\/uploads\/2024\/02\/SOCIALLYCORRECT_02023-768x933.jpg 768w\" sizes=\"auto, (max-width: 869px) 100vw, 869px\" \/><button\n\t\t\tclass=\"lightbox-trigger\"\n\t\t\ttype=\"button\"\n\t\t\taria-haspopup=\"dialog\"\n\t\t\taria-label=\"Ingrandisci\"\n\t\t\tdata-wp-init=\"callbacks.initTriggerButton\"\n\t\t\tdata-wp-on--click=\"actions.showLightbox\"\n\t\t\tdata-wp-style--right=\"state.imageButtonRight\"\n\t\t\tdata-wp-style--top=\"state.imageButtonTop\"\n\t\t>\n\t\t\t<svg xmlns=\"http:\/\/www.w3.org\/2000\/svg\" width=\"12\" height=\"12\" fill=\"none\" viewBox=\"0 0 12 12\">\n\t\t\t\t<path fill=\"#fff\" d=\"M2 0a2 2 0 0 0-2 2v2h1.5V2a.5.5 0 0 1 .5-.5h2V0H2Zm2 10.5H2a.5.5 0 0 1-.5-.5V8H0v2a2 2 0 0 0 2 2h2v-1.5ZM8 12v-1.5h2a.5.5 0 0 0 .5-.5V8H12v2a2 2 0 0 1-2 2H8Zm2-12a2 2 0 0 1 2 2v2h-1.5V2a.5.5 0 0 0-.5-.5H8V0h2Z\" \/>\n\t\t\t<\/svg>\n\t\t<\/button><\/figure>\n<\/div>\n<\/div>\n\n\n\n<div class=\"wp-block-buttons is-layout-flex wp-block-buttons-is-layout-flex\"><\/div>\n<\/div>\n","protected":false},"excerpt":{"rendered":"<p>CONCORSO SOCIALLY CORRECT 2023 \u201cSTOP AL CYBERBULLISMOINSIEME SI PU\u00d2\u201d L\u2019Associazione ha collaborato con l\u2019Istituto Superiore di Sanit\u00e0 (ISS) per la 15\u1d43 edizione del concorso, per realizzare una campagna contro il cyberbullismo. Il fenomeno \u00e8 allarmante in quanto si sta diffondendo ormai anche tra i preadolescenti che sono in possesso dei strumenti onnipotenti senza avere la [&hellip;]<\/p>\n","protected":false},"author":1,"featured_media":0,"parent":143,"menu_order":0,"comment_status":"closed","ping_status":"closed","template":"","meta":{"footnotes":""},"class_list":["post-925","page","type-page","status-publish","hentry"],"_links":{"self":[{"href":"https:\/\/www.sociallycorrect.it\/website\/wp-json\/wp\/v2\/pages\/925","targetHints":{"allow":["GET"]}}],"collection":[{"href":"https:\/\/www.sociallycorrect.it\/website\/wp-json\/wp\/v2\/pages"}],"about":[{"href":"https:\/\/www.sociallycorrect.it\/website\/wp-json\/wp\/v2\/types\/page"}],"author":[{"embeddable":true,"href":"https:\/\/www.sociallycorrect.it\/website\/wp-json\/wp\/v2\/users\/1"}],"replies":[{"embeddable":true,"href":"https:\/\/www.sociallycorrect.it\/website\/wp-json\/wp\/v2\/comments?post=925"}],"version-history":[{"count":3,"href":"https:\/\/www.sociallycorrect.it\/website\/wp-json\/wp\/v2\/pages\/925\/revisions"}],"predecessor-version":[{"id":1857,"href":"https:\/\/www.sociallycorrect.it\/website\/wp-json\/wp\/v2\/pages\/925\/revisions\/1857"}],"up":[{"embeddable":true,"href":"https:\/\/www.sociallycorrect.it\/website\/wp-json\/wp\/v2\/pages\/143"}],"wp:attachment":[{"href":"https:\/\/www.sociallycorrect.it\/website\/wp-json\/wp\/v2\/media?parent=925"}],"curies":[{"name":"wp","href":"https:\/\/api.w.org\/{rel}","templated":true}]}}

<div class="wp-block-group alignfull has-global-padding is-content-justification-center is-layout-constrained wp-container-core-group-is-layout-733701de wp-block-group-is-layout-constrained" style="margin-top:0;margin-bottom:0;padding-top:var(--wp--preset--spacing--50);padding-right:var(--wp--preset--spacing--50);padding-bottom:var(--wp--preset--spacing--50);padding-left:var(--wp--preset--spacing--50)">
<h5 class="wp-block-heading has-text-align-center has-contrast-color has-text-color has-link-color wp-elements-8d13375dd2554cf7f9270c72b305a464">CONCORSO SOCIALLY CORRECT 2023</h5>



<h2 class="wp-block-heading alignwide has-text-align-center"><strong><strong><strong><strong>“STOP AL CYBERBULLISMO</strong></strong></strong></strong><br><strong><strong><strong><strong>INSIEME SI PUÒ”</strong></strong></strong></strong></h2>



<div class="wp-block-columns alignwide are-vertically-aligned-top is-layout-flex wp-container-core-columns-is-layout-47c06fe3 wp-block-columns-is-layout-flex">
<div class="wp-block-column is-vertically-aligned-top is-layout-flow wp-block-column-is-layout-flow" style="flex-basis:50%">
<p>L’Associazione ha collaborato con l’Istituto Superiore di Sanità (ISS) per la 15ᵃ edizione del concorso, per realizzare una campagna contro il cyberbullismo. Il fenomeno è allarmante in quanto si sta diffondendo ormai anche tra i preadolescenti che sono in possesso dei strumenti onnipotenti senza avere la capacità di gestirli correttamente.</p>



<p>Possono essere inconsapevoli del danno reale che si provoca, perché non c’è maturità percettiva e si passa facilmente da un post innocente a qualcosa di strumentalizzabile e di dimensioni incontrollabili. In molte giovani vittime, queste aggressioni, senza limiti di tempo e spazio, provocano dei disagi che possono evolversi in gesti disperati.</p>



<p>L’obiettivo del concorso era la realizzazione di una campagna di sensibilizzazione rivolta a tutte le persone direttamente coinvolte dal fenomeno, per innescare un cambiamento profondo negli atteggiamenti e nella consapevolezza delle persone rispetto alla gravità del cyberbullismo e di come ciascuno di noi possa contribuire a fermarlo, nonché scardinare l’indifferenza legata alla percezione di non essere in grado o di non avere le &#8216;armi&#8217; per combatterlo.</p>



<p>L’idea creativa della campagna vincitrice intitolata “Non è mai una sola parola. Quello che nasce sul web può ferire nella realtà”, realizzata da Francesca dello Iacono &#8211; Art Director e Simona Mauro &#8211; Copywriter, studenti dell’ILAS &#8211; Accademia Italiana di Comunicazione, Napoli, sotto la guida dei loro tutor, Piero Fittopaldi e Gianluca Tramontano, si basa sul fatto che ogni anno 1 adolescente su 6 è vittima di cyberbullismo e subisce offese che gli lasciano un segno per tutta la vita.<br>La loro campagna invita a dosare le parole perché il cyberbullismo riguarda tutti noi e insieme possiamo combatterlo su <a href="https://dipendenzainternet.iss.it/">dipendenzainternet.iss.it</a>.</p>



<div class="wp-block-media-text is-stacked-on-mobile is-image-fill-element" style="grid-template-columns:46% auto"><figure class="wp-block-media-text__media"><img loading="lazy" decoding="async" width="1024" height="746" src="https://www.sociallycorrect.it/website/wp-content/uploads/2024/02/sc2023-1024x746.jpg" alt="" class="wp-image-928 size-full" style="object-position:50% 50%" srcset="https://www.sociallycorrect.it/website/wp-content/uploads/2024/02/sc2023-1024x746.jpg 1024w, https://www.sociallycorrect.it/website/wp-content/uploads/2024/02/sc2023-300x218.jpg 300w, https://www.sociallycorrect.it/website/wp-content/uploads/2024/02/sc2023-768x559.jpg 768w, https://www.sociallycorrect.it/website/wp-content/uploads/2024/02/sc2023.jpg 1280w" sizes="auto, (max-width: 1024px) 100vw, 1024px" /></figure><div class="wp-block-media-text__content">
<p><strong>Francesca dello Iacono</strong>, Art Director<br><strong>Simona Mauro</strong>, Copywriter</p>
</div></div>



<div class="wp-block-buttons is-layout-flex wp-block-buttons-is-layout-flex">
<div class="wp-block-button"><a class="wp-block-button__link has-custom-colore-1-background-color has-background wp-element-button" href="https://www.sociallycorrect.it/website/premiazione-xv-concorso/">PREMIAZIONE XV CONCORSO</a></div>
</div>
</div>



<div class="wp-block-column is-vertically-aligned-top is-layout-flow wp-block-column-is-layout-flow" style="flex-basis:50%">
<figure data-wp-context="{&quot;imageId&quot;:&quot;69f494fae11bc&quot;}" data-wp-interactive="core/image" data-wp-key="69f494fae11bc" class="wp-block-image alignright size-full is-resized is-style-rounded is-style-rounded--1 wp-lightbox-container"><img loading="lazy" decoding="async" width="869" height="1056" data-wp-class--hide="state.isContentHidden" data-wp-class--show="state.isContentVisible" data-wp-init="callbacks.setButtonStyles" data-wp-on--click="actions.showLightbox" data-wp-on--load="callbacks.setButtonStyles" data-wp-on-window--resize="callbacks.setButtonStyles" src="https://www.sociallycorrect.it/website/wp-content/uploads/2024/02/SOCIALLYCORRECT_02023.jpg" alt="" class="wp-image-927" style="width:565px;height:auto" srcset="https://www.sociallycorrect.it/website/wp-content/uploads/2024/02/SOCIALLYCORRECT_02023.jpg 869w, https://www.sociallycorrect.it/website/wp-content/uploads/2024/02/SOCIALLYCORRECT_02023-247x300.jpg 247w, https://www.sociallycorrect.it/website/wp-content/uploads/2024/02/SOCIALLYCORRECT_02023-843x1024.jpg 843w, https://www.sociallycorrect.it/website/wp-content/uploads/2024/02/SOCIALLYCORRECT_02023-768x933.jpg 768w" sizes="auto, (max-width: 869px) 100vw, 869px" /><button
			class="lightbox-trigger"
			type="button"
			aria-haspopup="dialog"
			aria-label="Ingrandisci"
			data-wp-init="callbacks.initTriggerButton"
			data-wp-on--click="actions.showLightbox"
			data-wp-style--right="state.imageButtonRight"
			data-wp-style--top="state.imageButtonTop"
		>
			<svg xmlns="http://www.w3.org/2000/svg" width="12" height="12" fill="none" viewBox="0 0 12 12">
				<path fill="#fff" d="M2 0a2 2 0 0 0-2 2v2h1.5V2a.5.5 0 0 1 .5-.5h2V0H2Zm2 10.5H2a.5.5 0 0 1-.5-.5V8H0v2a2 2 0 0 0 2 2h2v-1.5ZM8 12v-1.5h2a.5.5 0 0 0 .5-.5V8H12v2a2 2 0 0 1-2 2H8Zm2-12a2 2 0 0 1 2 2v2h-1.5V2a.5.5 0 0 0-.5-.5H8V0h2Z" />
			</svg>
		</button></figure>
</div>
</div>



<div class="wp-block-buttons is-layout-flex wp-block-buttons-is-layout-flex"></div>
</div>

<p>CONCORSO SOCIALLY CORRECT 2023 “STOP AL CYBERBULLISMOINSIEME SI PUÒ” L’Associazione ha collaborato con l’Istituto Superiore di Sanità (ISS) per la 15ᵃ edizione del concorso, per realizzare una campagna contro il cyberbullismo. Il fenomeno è allarmante in quanto si sta diffondendo ormai anche tra i preadolescenti che sono in possesso dei strumenti onnipotenti senza avere la [&hellip;]</p>
